{"id":2160,"date":"2015-06-24T15:06:51","date_gmt":"2015-06-24T13:06:51","guid":{"rendered":"http:\/\/tsvschott.de\/fussball\/?page_id=2160"},"modified":"2025-04-16T16:52:58","modified_gmt":"2025-04-16T14:52:58","slug":"field","status":"publish","type":"page","link":"https:\/\/tsvschott.de\/american-football\/infos\/field\/","title":{"rendered":"Homefield"},"content":{"rendered":"<div class=\"wpb-content-wrapper\"><p>[vc_row][vc_column][vc_empty_space][vc_tta_tabs][vc_tta_section title=&#8220;Karte&#8220; tab_id=&#8220;1448288717658-faee1293-7233&#8243;][vc_column_text css_animation=&#8220;appear&#8220; css=&#8220;&#8220;]<strong>BSA Mombach, An der Brunnenstube 28, 55120 Mainz<\/strong><\/p>\n<p><strong>G\u00e4steeingang: BSA Mombach, Auf der Langen Lein 1, 55120 Mainz<\/strong><\/p>\n<p>[\/vc_column_text][vc_single_image image=&#8220;8270&#8243; img_size=&#8220;full&#8220; onclick=&#8220;custom_link&#8220; img_link_target=&#8220;_blank&#8220; title=&#8220;MGE Homefield&#8220; link=&#8220;https:\/\/www.openstreetmap.org\/?mlat=50.0126&amp;mlon=8.2268#map=16\/50.0126\/8.2268&#8243;][\/vc_tta_section][vc_tta_section title=&#8220;Anfahrt mit Auto&#8220; tab_id=&#8220;1448288958451-f285b16f-da6a&#8220;][vc_column_text]<\/p>\n<div><strong>Aus Wiesbaden \/ <\/strong><img loading=\"lazy\" decoding=\"async\" class=\"alignright wp-image-4706 \" src=\"https:\/\/tsvschott.de\/american-football\/wp-content\/uploads\/sites\/11\/2015\/06\/karte_mge-382x313.jpg\" alt=\"karte_mge\" width=\"403\" height=\"331\" srcset=\"https:\/\/tsvschott.de\/american-football\/wp-content\/uploads\/sites\/11\/2015\/06\/karte_mge-382x313.jpg 382w, https:\/\/tsvschott.de\/american-football\/wp-content\/uploads\/sites\/11\/2015\/06\/karte_mge-768x628.jpg 768w, https:\/\/tsvschott.de\/american-football\/wp-content\/uploads\/sites\/11\/2015\/06\/karte_mge-798x653.jpg 798w, https:\/\/tsvschott.de\/american-football\/wp-content\/uploads\/sites\/11\/2015\/06\/karte_mge.jpg 941w\" sizes=\"auto, (max-width: 403px) 100vw, 403px\" \/><strong>Frankfurt kommend<\/strong> erreichen Sie \u00fcber die A66 die Abfahrt 3 &#8222;Schiersteiner Kreuz&#8220; Richtung Koblenz \/ Bingen \/ Mainz. Sie folgen dem Verlauf der A 643 bis zur Ausfahrt &#8222;Mainz-Gonsenheim&#8220;. Am Ende des Zubringers (K18) biegen Sie nach links &#8222;An der Krimm&#8220; ein und \u00fcberqueren die n\u00e4chste Kreuzung. Nach etwa 500m biegen Sie rechts &#8222;An der Plantage&#8220; ab. Nehmen Sie nun die erste Stra\u00dfe rechts (&#8222;An der langen Lein&#8220;), am Ende dieser sind Parkpl\u00e4tze vorhanden.<\/div>\n<div>Folgen Sie nun der auf der Karte in\u00a0blau eingezeichneten Linie zum Spielfeld.<\/div>\n<p><strong>Aus Kaiserslautern, Bingen und R\u00fcsselsheim kommend<\/strong> erreichen Sie \u00fcber die A60, Abfahrt 18 &#8222;Dreieck Mainz&#8220; die Autobahn A643. Sie folgen dem Verlauf der A 643 bis zur Ausfahrt &#8222;Mainz-Gonsenheim&#8220;. Am Ende des Zubringers (K18) biegen Sie nach links &#8222;An der Krimm&#8220; ein und \u00fcberqueren die n\u00e4chste Kreuzung. Nach etwa 500m biegen Sie rechts &#8222;An der Plantage&#8220; ab. Nehmen Sie nun die erste Stra\u00dfe rechts (&#8222;An der langen Lein&#8220;), am Ende dieser sind Parkpl\u00e4tze vorhanden. Folgen Sie nun der auf der Karte in\u00a0blau eingezeichneten Linie zum Spielfeld.[\/vc_column_text][\/vc_tta_section][vc_tta_section title=&#8220;Anfahrt mit \u00d6PNV&#8220; tab_id=&#8220;1448289015121-41aef43c-6bd9&#8243;][vc_column_text]<img loading=\"lazy\" decoding=\"async\" class=\"alignright wp-image-4706 \" src=\"https:\/\/tsvschott.de\/american-football\/wp-content\/uploads\/sites\/11\/2015\/06\/karte_mge-382x313.jpg\" alt=\"karte_mge\" width=\"413\" height=\"339\" srcset=\"https:\/\/tsvschott.de\/american-football\/wp-content\/uploads\/sites\/11\/2015\/06\/karte_mge-382x313.jpg 382w, https:\/\/tsvschott.de\/american-football\/wp-content\/uploads\/sites\/11\/2015\/06\/karte_mge-768x628.jpg 768w, https:\/\/tsvschott.de\/american-football\/wp-content\/uploads\/sites\/11\/2015\/06\/karte_mge-798x653.jpg 798w, https:\/\/tsvschott.de\/american-football\/wp-content\/uploads\/sites\/11\/2015\/06\/karte_mge.jpg 941w\" sizes=\"auto, (max-width: 413px) 100vw, 413px\" \/><\/p>\n<p><a href=\"http:\/\/www.rmv.de\/auskunft\/bin\/jp\/query.exe\/dn?ZID=A=1@O=Mainz-Mombach Turmstra\u00dfe@X=8234164@Y=50014398@U=80@L=003029039@B=1@V=6.9,@p=1448277750@&amp;REQ0JourneyStopsS0B=5&amp;REQ0JourneyStopsZ0B=5&amp;iER=yes&amp;externalCall=yes&amp;start=yes\" target=\"_blank\" rel=\"noopener\"><img decoding=\"async\" src=\"http:\/\/www.rmv.de\/auskunft\/s\/n\/img\/d\/inputgen_button.gif\" alt=\"RMV Fahrplanauskunft - Button\" \/><\/a><\/p>\n<div>Vom Hauptbahnhof \/Innenstadt ist die BSA Mombach mit den Stra\u00dfenbahnlinien 50 und 51 Haltestelle &#8222;Turmstra\u00dfe&#8220;<\/div>\n<div>(gelb-gr\u00fcnes Haltestellenzeichen auf der Karte) zu erreichen. Ab dieser in Fahrtrichtung schr\u00e4g rechts hoch der Erzberger Stra\u00dfe<\/div>\n<div>f\u00fcr ca. 500 Meter folgen und dann den Eingang &#8222;An der Brunnenstube&#8220; benutzen.<\/div>\n<div><\/div>\n<p>[\/vc_column_text][\/vc_tta_section][vc_tta_section title=&#8220;Infos f\u00fcr Gastmannschaften&#8220; tab_id=&#8220;1452508042171-e2047692-1cea&#8220;][vc_single_image image=&#8220;3633&#8243; img_size=&#8220;full&#8220;][vc_column_text]Umkleiden finden sich unter 1 und 2 auf der Karte. Dann der roten Linie folgen, um zum Footballfeld zu gelangen.<\/p>\n<p>Bitte beachtet auch die Infos in der Einladung[\/vc_column_text][\/vc_tta_section][\/vc_tta_tabs][\/vc_column][\/vc_row][vc_row][vc_column][vc_single_image image=&#8220;3607&#8243; img_size=&#8220;full&#8220;][\/vc_column][\/vc_row]<\/p>\n<\/div>","protected":false},"excerpt":{"rendered":"<p>[vc_row][vc_column][vc_empty_space][vc_tta_tabs][vc_tta_section title=&#8220;Karte&#8220; tab_id=&#8220;1448288717658-faee1293-7233&#8243;][vc_column_text css_animation=&#8220;appear&#8220; css=&#8220;&#8220;]BSA Mombach, An der Brunnenstube 28, 55120 Mainz G\u00e4steeingang: BSA Mombach, Auf der Langen Lein 1, 55120 Mainz [\/vc_column_text][vc_single_image image=&#8220;8270&#8243; img_size=&#8220;full&#8220; onclick=&#8220;custom_link&#8220; img_link_target=&#8220;_blank&#8220; title=&#8220;MGE Homefield&#8220; link=&#8220;https:\/\/www.openstreetmap.org\/?mlat=50.0126&amp;mlon=8.2268#map=16\/50.0126\/8.2268&#8243;][\/vc_tta_section][vc_tta_section title=&#8220;Anfahrt mit Auto&#8220; tab_id=&#8220;1448288958451-f285b16f-da6a&#8220;][vc_column_text] Aus Wiesbaden \/ Frankfurt kommend erreichen Sie \u00fcber die A66 die Abfahrt 3 &#8222;Schiersteiner Kreuz&#8220; Richtung Koblenz \/ Bingen \/ Mainz. [&hellip;]<\/p>\n","protected":false},"author":14,"featured_media":0,"parent":2178,"menu_order":8,"comment_status":"closed","ping_status":"closed","template":"","meta":{"footnotes":""},"class_list":["post-2160","page","type-page","status-publish","hentry"],"_links":{"self":[{"href":"https:\/\/tsvschott.de\/american-football\/wp-json\/wp\/v2\/pages\/2160","targetHints":{"allow":["GET"]}}],"collection":[{"href":"https:\/\/tsvschott.de\/american-football\/wp-json\/wp\/v2\/pages"}],"about":[{"href":"https:\/\/tsvschott.de\/american-football\/wp-json\/wp\/v2\/types\/page"}],"author":[{"embeddable":true,"href":"https:\/\/tsvschott.de\/american-football\/wp-json\/wp\/v2\/users\/14"}],"replies":[{"embeddable":true,"href":"https:\/\/tsvschott.de\/american-football\/wp-json\/wp\/v2\/comments?post=2160"}],"version-history":[{"count":18,"href":"https:\/\/tsvschott.de\/american-football\/wp-json\/wp\/v2\/pages\/2160\/revisions"}],"predecessor-version":[{"id":9128,"href":"https:\/\/tsvschott.de\/american-football\/wp-json\/wp\/v2\/pages\/2160\/revisions\/9128"}],"up":[{"embeddable":true,"href":"https:\/\/tsvschott.de\/american-football\/wp-json\/wp\/v2\/pages\/2178"}],"wp:attachment":[{"href":"https:\/\/tsvschott.de\/american-football\/wp-json\/wp\/v2\/media?parent=2160"}],"curies":[{"name":"wp","href":"https:\/\/api.w.org\/{rel}","templated":true}]}}