{"id":10450,"date":"2019-03-14T13:46:45","date_gmt":"2019-03-14T12:46:45","guid":{"rendered":"https:\/\/tsvschott.de\/fussball\/?page_id=10450"},"modified":"2025-09-25T16:47:31","modified_gmt":"2025-09-25T14:47:31","slug":"kreative-koepfe","status":"publish","type":"page","link":"https:\/\/tsvschott.de\/fussball\/kreative-koepfe\/","title":{"rendered":"Kreative K\u00f6pfe"},"content":{"rendered":"<div class=\"wpb-content-wrapper\"><p>[vc_row][vc_column][vc_empty_space][vc_column_text]<\/p>\n<h4 style=\"text-align: center;\">#Talentf\u00f6rdertraining #1gegen1\u00a0#Spielintelligenz #Soccer-Court #Kreativit\u00e4t #Dribbling #Spa\u00df\u00a0#Stra\u00dfenspielkultur<\/h4>\n<p>[\/vc_column_text][vc_message]<\/p>\n<p style=\"text-align: center;\"><a href=\"https:\/\/widgets.yolawo.de\/w\/6094d51a6a65d33ccbe9bae5\">Melde dich jetzt zum Probetraining an und werde der King of Court!<\/a><\/p>\n<p>[\/vc_message][vc_gallery type=&#8220;nivo&#8220; interval=&#8220;3&#8243; images=&#8220;10782,10783,10784&#8243; img_size=&#8220;full&#8220;][\/vc_column][vc_column width=&#8220;1\/2&#8243;][vc_empty_space][vc_tta_accordion style=&#8220;flat&#8220; shape=&#8220;square&#8220; color=&#8220;sky&#8220; active_section=&#8220;1&#8243;][vc_tta_section title=&#8220;Konzept&#8220; tab_id=&#8220;1552567601173-d68e27c9-ad50&#8243;][vc_column_text]<\/p>\n<p data-ccp-props=\"{&quot;335551550&quot;:6,&quot;335551620&quot;:6,&quot;335559683&quot;:0,&quot;335559685&quot;:0,&quot;335559731&quot;:0,&quot;335559737&quot;:0,&quot;335562764&quot;:2,&quot;335562765&quot;:1.5,&quot;335562766&quot;:4,&quot;335562767&quot;:0,&quot;335562768&quot;:4,&quot;335562769&quot;:0}\"><span data-scheme-color=\"@203864,,\" data-contrast=\"none\">Lionel Messi, Cristiano Ronaldo oder <\/span><span data-scheme-color=\"@203864,,\" data-contrast=\"none\">Zin\u00e9dine<\/span><span data-scheme-color=\"@203864,,\" data-contrast=\"none\"> Zidane: drei Fu\u00dfballer, die jeder von euch kennt und die <\/span><span data-scheme-color=\"@203864,,\" data-contrast=\"none\">zusammen insgesamt 13x Weltfu\u00dfballer des Jahres wurden.<\/span>\u200b<\/p>\n<p data-ccp-props=\"{&quot;335551550&quot;:6,&quot;335551620&quot;:6,&quot;335559683&quot;:0,&quot;335559685&quot;:0,&quot;335559731&quot;:0,&quot;335559737&quot;:0,&quot;335562764&quot;:2,&quot;335562765&quot;:1.5,&quot;335562766&quot;:4,&quot;335562767&quot;:0,&quot;335562768&quot;:4,&quot;335562769&quot;:0}\"><span data-scheme-color=\"@203864,,\" data-contrast=\"none\">Doch wusstet ihr wo die drei das Meiste gelernt haben? Richtig: auf der Stra\u00dfe und in Fu\u00dfball-K\u00e4figen. <\/span><span data-scheme-color=\"@203864,,\" data-contrast=\"none\">Dort spielten sie mit ihren Freunden und probierten viele Dinge aus: so wurden sie zu &#8222;<strong>Kr<\/strong><\/span><b><span data-scheme-color=\"@203864,,\" data-contrast=\"none\"><strong>e<\/strong>ativen K\u00f6pfen&#8220;<\/span><\/b><span data-scheme-color=\"@203864,,\" data-contrast=\"none\">, <\/span><span data-scheme-color=\"@203864,,\" data-contrast=\"none\">die jederzeit ein Spiel entscheiden k\u00f6nnen und der King <\/span><span data-scheme-color=\"@203864,,\" data-contrast=\"none\">of<\/span> <span data-scheme-color=\"@203864,,\" data-contrast=\"none\">the<\/span><span data-scheme-color=\"@203864,,\" data-contrast=\"none\"> Court waren.<\/span>\u200b<\/p>\n<p data-ccp-props=\"{&quot;335551550&quot;:6,&quot;335551620&quot;:6,&quot;335559683&quot;:0,&quot;335559685&quot;:0,&quot;335559731&quot;:0,&quot;335559737&quot;:0,&quot;335562764&quot;:2,&quot;335562765&quot;:1.5,&quot;335562766&quot;:4,&quot;335562767&quot;:0,&quot;335562768&quot;:4,&quot;335562769&quot;:0}\"><span data-scheme-color=\"@203864,,\" data-contrast=\"none\">Darum bieten wir euch diese im Raum Mainz einzigartige Trainingsm\u00f6glichkeit an, um eure Skills als <\/span><span data-scheme-color=\"@203864,,\" data-contrast=\"none\">Fu\u00dfballer zu steigern und der \u201eKing <\/span><span data-scheme-color=\"@203864,,\" data-contrast=\"none\">of<\/span> <span data-scheme-color=\"@203864,,\" data-contrast=\"none\">the<\/span><span data-scheme-color=\"@203864,,\" data-contrast=\"none\"> Court\u201c zu werden. Mit unserem in Mainz einmaligen Soccer-Court auf <\/span><span data-scheme-color=\"@203864,,\" data-contrast=\"none\">der Anlage haben wir die optimalen Voraussetzungen daf\u00fcr.\u00a0<\/span>\u200b<\/p>\n<p data-ccp-props=\"{&quot;335551550&quot;:6,&quot;335551620&quot;:6,&quot;335559683&quot;:0,&quot;335559685&quot;:0,&quot;335559731&quot;:0,&quot;335559737&quot;:0,&quot;335562764&quot;:2,&quot;335562765&quot;:1.5,&quot;335562766&quot;:4,&quot;335562767&quot;:0,&quot;335562768&quot;:4,&quot;335562769&quot;:0}\"><span data-scheme-color=\"@203864,,\" data-contrast=\"none\">Also: Erwecken wir die Kreativit\u00e4t und Spielintelligenz der kleinen Messis, Ronaldos und Zidanes in euch <\/span><span data-scheme-color=\"@203864,,\" data-contrast=\"none\">zum Leben und gehen den Weg der besten Fu\u00dfballer der Welt: <\/span><span data-scheme-color=\"@203864,,\" data-contrast=\"none\">Let\u2018s<\/span> <span data-scheme-color=\"@203864,,\" data-contrast=\"none\">get<\/span> <span data-scheme-color=\"@203864,,\" data-contrast=\"none\">the<\/span><span data-scheme-color=\"@203864,,\" data-contrast=\"none\"> King <\/span><span data-scheme-color=\"@203864,,\" data-contrast=\"none\">of<\/span> <span data-scheme-color=\"@203864,,\" data-contrast=\"none\">the<\/span><span data-scheme-color=\"@203864,,\" data-contrast=\"none\"> Court.<\/span><\/p>\n<p>[\/vc_column_text][\/vc_tta_section][vc_tta_section title=&#8220;Trainingsschwerpunkte&#8220; tab_id=&#8220;1553071404474-9d727b79-76a7&#8243;][vc_column_text]<\/p>\n<ul>\n<li>Spielintelligenz f\u00f6rdern<\/li>\n<li>Kreativit\u00e4t entwickeln<\/li>\n<li>Kognitive F\u00e4higkeiten ausbauen<\/li>\n<li>Technische F\u00e4higkeiten festigen<\/li>\n<li>Koordination verbessern<\/li>\n<li>Handlungsschnelligkeit optimieren<\/li>\n<\/ul>\n<p>[\/vc_column_text][\/vc_tta_section][vc_tta_section title=&#8220;Schnuppertraining&#8220; tab_id=&#8220;1678703659776-3d6d3512-926c&#8220;][vc_raw_html]JTNDaWZyYW1lJTIwaWQlM0QlMjI1ZWJhNmQzMTMzNjUwMDZkOWE1MjAwOTUlMjIlMjB3aWR0aCUzRCUyMjEwMCUyNSUyMiUyMGhlaWdodCUzRCUyMjE1MCUyMiUyMGNsYXNzJTNEJTIyeW9sYXdvLXdpZGdldCUyMiUyMHNyYyUzRCUyMmh0dHBzJTNBJTJGJTJGd2lkZ2V0cy55b2xhd28uZGUlMkZ3JTJGNjA5NGQ1MWE2YTY1ZDMzY2NiZTliYWU1JTIyJTIwZnJhbWVib3JkZXIlM0QlMjIwJTIyJTIwZGF0YS1vZmZzZXQteCUzRCUyMjUwJTIyJTIwc2Nyb2xsaW5nJTNEJTIybm8lMjIlM0UlM0MlMkZpZnJhbWUlM0UlM0NzY3JpcHQlMjB0eXBlJTNEJTIydGV4dCUyRmphdmFzY3JpcHQlMjIlMjBzcmMlM0QlMjJodHRwcyUzQSUyRiUyRndpZGdldHMueW9sYXdvLmRlJTJGYXNzZXRzJTJGc2NyaXB0LmpzJTIyJTNFJTNDJTJGc2NyaXB0JTNF[\/vc_raw_html][\/vc_tta_section][vc_tta_section title=&#8220;Zielgruppe&#8220; tab_id=&#8220;1552567601179-35864b99-0538&#8243;][vc_column_text]Die &#8222;Kreativen K\u00f6pfe&#8220; stehen f\u00fcr alle Vereinsspieler (extern und intern), die Spa\u00df am Fu\u00dfball haben und ihre fu\u00dfballerischen Fertigkeiten gezielt ausbauen und verbessern m\u00f6chten:<\/p>\n<ul>\n<li>Jungen und M\u00e4dchen im Alter von 11-13 Jahren<\/li>\n<li>Eine Mitgliedschaft beim TSV SCHOTT ist keine Voraussetzung<\/li>\n<li>Aufnahmekriterium ist das Spielen in einer Fu\u00dfballmannschaft<\/li>\n<\/ul>\n<p>[\/vc_column_text][\/vc_tta_section][vc_tta_section title=&#8220;Beitrag&#8220; tab_id=&#8220;1553764973185-da071a12-d7bc&#8220;][vc_column_text]39\u20ac im Monat (ohne TSV-Vereinsmitgliedschaft)<\/p>\n<p>34\u20ac im Monat (mit TSV-Vereinsmitgliedschaft)<\/p>\n<p>*Einmalig wird eine Aufnahmegeb\u00fchr in H\u00f6he eines Monatsbeitrages eingezogen<\/p>\n<p>[\/vc_column_text][\/vc_tta_section][vc_tta_section title=&#8220;Ort&#8220; tab_id=&#8220;1552568172994-e6952f36-058d&#8220;][vc_column_text]Alle Trainingseinheiten finden auf dem Sportgel\u00e4nde des TSV SCHOTT Mainz statt:<\/p>\n<p>Karlsbader Stra\u00dfe 23<\/p>\n<p>55122 Mainz-Gonsenheim<\/p>\n<p>Kleiner Kunstrasenplatz &#8222;Soccer-Court&#8220;[\/vc_column_text][\/vc_tta_section][\/vc_tta_accordion][\/vc_column][vc_column width=&#8220;1\/2&#8243;][vc_empty_space][vc_single_image image=&#8220;10519&#8243; img_size=&#8220;large&#8220; alignment=&#8220;center&#8220; style=&#8220;vc_box_outline&#8220;][vc_text_separator title=&#8220;Kontakt&#8220; color=&#8220;sky&#8220;][vc_column_text css=&#8220;&#8220;]Leiter der &#8222;Kreativen K\u00f6pfe&#8220;<\/p>\n<p>Samuel Horozovic (A-Lizenz)<\/p>\n<p>E-Mail: <a href=\"mailto:fussball-akademie@tsvschott.de\">fussball-akademie@tsvschott.de<\/a>[\/vc_column_text][vc_text_separator title=&#8220;Trainingszeiten&#8220;][vc_column_text css=&#8220;&#8220;]<strong>Altersstufe 11 bis 13 Jahre<\/strong><\/p>\n<p>Sonntag von 10:00 Uhr bis 11:15 Uhr<\/p>\n<p>Trainer: Rohit Saini<\/p>\n<p>Ort: K\u00e4fig &#8211; Otto-SCHOTT-Sportzentrum[\/vc_column_text][\/vc_column][\/vc_row]<\/p>\n<\/div>","protected":false},"excerpt":{"rendered":"<p>[vc_row][vc_column][vc_empty_space][vc_column_text] #Talentf\u00f6rdertraining #1gegen1\u00a0#Spielintelligenz #Soccer-Court #Kreativit\u00e4t #Dribbling #Spa\u00df\u00a0#Stra\u00dfenspielkultur [\/vc_column_text][vc_message] Melde dich jetzt zum Probetraining an und werde der King of Court! [\/vc_message][vc_gallery type=&#8220;nivo&#8220; interval=&#8220;3&#8243; images=&#8220;10782,10783,10784&#8243; img_size=&#8220;full&#8220;][\/vc_column][vc_column width=&#8220;1\/2&#8243;][vc_empty_space][vc_tta_accordion style=&#8220;flat&#8220; shape=&#8220;square&#8220; color=&#8220;sky&#8220; active_section=&#8220;1&#8243;][vc_tta_section title=&#8220;Konzept&#8220; tab_id=&#8220;1552567601173-d68e27c9-ad50&#8243;][vc_column_text] Lionel Messi, Cristiano Ronaldo oder Zin\u00e9dine Zidane: drei Fu\u00dfballer, die jeder von euch kennt und die zusammen insgesamt 13x Weltfu\u00dfballer des Jahres wurden.\u200b [&hellip;]<\/p>\n","protected":false},"author":18,"featured_media":0,"parent":0,"menu_order":2,"comment_status":"closed","ping_status":"closed","template":"","meta":{"footnotes":""},"class_list":["post-10450","page","type-page","status-publish","hentry"],"_links":{"self":[{"href":"https:\/\/tsvschott.de\/fussball\/wp-json\/wp\/v2\/pages\/10450","targetHints":{"allow":["GET"]}}],"collection":[{"href":"https:\/\/tsvschott.de\/fussball\/wp-json\/wp\/v2\/pages"}],"about":[{"href":"https:\/\/tsvschott.de\/fussball\/wp-json\/wp\/v2\/types\/page"}],"author":[{"embeddable":true,"href":"https:\/\/tsvschott.de\/fussball\/wp-json\/wp\/v2\/users\/18"}],"replies":[{"embeddable":true,"href":"https:\/\/tsvschott.de\/fussball\/wp-json\/wp\/v2\/comments?post=10450"}],"version-history":[{"count":59,"href":"https:\/\/tsvschott.de\/fussball\/wp-json\/wp\/v2\/pages\/10450\/revisions"}],"predecessor-version":[{"id":13242,"href":"https:\/\/tsvschott.de\/fussball\/wp-json\/wp\/v2\/pages\/10450\/revisions\/13242"}],"wp:attachment":[{"href":"https:\/\/tsvschott.de\/fussball\/wp-json\/wp\/v2\/media?parent=10450"}],"curies":[{"name":"wp","href":"https:\/\/api.w.org\/{rel}","templated":true}]}}