{"id":69,"date":"2015-06-23T16:02:48","date_gmt":"2015-06-23T14:02:48","guid":{"rendered":"http:\/\/tsvschott.de\/fussball\/?page_id=69"},"modified":"2025-02-06T09:54:46","modified_gmt":"2025-02-06T08:54:46","slug":"alte-herrenmannschaft","status":"publish","type":"page","link":"https:\/\/tsvschott.de\/fussball\/alte-herrenmannschaft\/","title":{"rendered":"Alte Herren"},"content":{"rendered":"<div class=\"wpb-content-wrapper\"><p>[vc_row][vc_column][vc_column_text css=&#8220;.vc_custom_1449612636288{margin-bottom: 0px !important;border-bottom-width: 0px !important;padding-bottom: 0px !important;}&#8220;][\/vc_column_text][vc_tabs][vc_tab title=&#8220;Infos &amp; Termine&#8220; tab_id=&#8220;1449612767732-3-9&#8243;][vc_wp_text]HERZLICH WILLKOMMEN bei den Alten Herren\u00a0des TSV SCHOTT Mainz.<\/p>\n<p><strong>Leider k\u00f6nnen aus Kapazit\u00e4tsgr\u00fcnden aktuell keine neuen Spieler in die AH-Gruppe aufgenommen werden (Stand 2025)<\/strong>[\/vc_wp_text][\/vc_tab][vc_tab title=&#8220;Ansprechpartner&#8220; tab_id=&#8220;1435157829530-0-9f042-5918&#8243;][vc_column_text css=&#8220;&#8220;]<strong>Ansprechpartner:<\/strong>\u00a0Tobias Blawath,\u00a0<a href=\"mailto:t.blawath@kkr-mainz.de\">t.blawath@kkr-mainz.de<\/a>[\/vc_column_text][\/vc_tab][vc_tab title=&#8220;Trainingszeiten&#8220; tab_id=&#8220;1435157830188-0-9f042-5918&#8243;][vc_column_text css=&#8220;&#8220;]<strong>Dienstag:<\/strong>\u00a020.00 &#8211; 21.30 Uhr, Kleiner Kunstrasenplatz<\/p>\n<p><strong>Leider k\u00f6nnen aus Kapazit\u00e4tsgr\u00fcnden aktuell keine neuen Spieler in die AH-Gruppe aufgenommen werden (Stand 2025)<\/strong>[\/vc_column_text][\/vc_tab][\/vc_tabs][\/vc_column][\/vc_row]<\/p>\n<\/div>","protected":false},"excerpt":{"rendered":"<p>[vc_row][vc_column][vc_column_text css=&#8220;.vc_custom_1449612636288{margin-bottom: 0px !important;border-bottom-width: 0px !important;padding-bottom: 0px !important;}&#8220;][\/vc_column_text][vc_tabs][vc_tab title=&#8220;Infos &amp; Termine&#8220; tab_id=&#8220;1449612767732-3-9&#8243;][vc_wp_text]HERZLICH WILLKOMMEN bei den Alten Herren\u00a0des TSV SCHOTT Mainz. Leider k\u00f6nnen aus Kapazit\u00e4tsgr\u00fcnden aktuell keine neuen Spieler in die AH-Gruppe aufgenommen werden (Stand 2025)[\/vc_wp_text][\/vc_tab][vc_tab title=&#8220;Ansprechpartner&#8220; tab_id=&#8220;1435157829530-0-9f042-5918&#8243;][vc_column_text css=&#8220;&#8220;]Ansprechpartner:\u00a0Tobias Blawath,\u00a0t.blawath@kkr-mainz.de[\/vc_column_text][\/vc_tab][vc_tab title=&#8220;Trainingszeiten&#8220; tab_id=&#8220;1435157830188-0-9f042-5918&#8243;][vc_column_text css=&#8220;&#8220;]Dienstag:\u00a020.00 &#8211; 21.30 Uhr, Kleiner Kunstrasenplatz Leider k\u00f6nnen aus Kapazit\u00e4tsgr\u00fcnden aktuell keine neuen Spieler [&hellip;]<\/p>\n","protected":false},"author":9,"featured_media":0,"parent":0,"menu_order":3,"comment_status":"closed","ping_status":"closed","template":"","meta":{"footnotes":""},"class_list":["post-69","page","type-page","status-publish","hentry"],"_links":{"self":[{"href":"https:\/\/tsvschott.de\/fussball\/wp-json\/wp\/v2\/pages\/69","targetHints":{"allow":["GET"]}}],"collection":[{"href":"https:\/\/tsvschott.de\/fussball\/wp-json\/wp\/v2\/pages"}],"about":[{"href":"https:\/\/tsvschott.de\/fussball\/wp-json\/wp\/v2\/types\/page"}],"author":[{"embeddable":true,"href":"https:\/\/tsvschott.de\/fussball\/wp-json\/wp\/v2\/users\/9"}],"replies":[{"embeddable":true,"href":"https:\/\/tsvschott.de\/fussball\/wp-json\/wp\/v2\/comments?post=69"}],"version-history":[{"count":8,"href":"https:\/\/tsvschott.de\/fussball\/wp-json\/wp\/v2\/pages\/69\/revisions"}],"predecessor-version":[{"id":13228,"href":"https:\/\/tsvschott.de\/fussball\/wp-json\/wp\/v2\/pages\/69\/revisions\/13228"}],"wp:attachment":[{"href":"https:\/\/tsvschott.de\/fussball\/wp-json\/wp\/v2\/media?parent=69"}],"curies":[{"name":"wp","href":"https:\/\/api.w.org\/{rel}","templated":true}]}}