{"id":2156,"date":"2015-06-24T15:06:07","date_gmt":"2015-06-24T13:06:07","guid":{"rendered":"http:\/\/tsvschott.de\/fussball\/?page_id=2156"},"modified":"2026-03-02T14:50:37","modified_gmt":"2026-03-02T13:50:37","slug":"foerderkonzept","status":"publish","type":"page","link":"https:\/\/tsvschott.de\/fussballschule\/foerderkonzept\/","title":{"rendered":"F\u00f6rderkonzept"},"content":{"rendered":"<div class=\"wpb-content-wrapper\"><p>[vc_row][vc_column][vc_empty_space height=&#8220;25px&#8220;][vc_column_text css=&#8220;&#8220;]Die Fu\u00dfballschule des TSV SCHOTT Mainz richtet sich an alle fu\u00dfballbegeisterten Jungen und M\u00e4dchen.<\/p>\n<p>In altershomogenen Kleingruppen werden Ihren Kinder altersgerechte Inhalte durch lizenzierte und erfahrene Trainer vermittelt. Hierzu z\u00e4hlen:<\/p>\n<ul>\n<li>Spa\u00df und Freude am Fu\u00dfball<\/li>\n<li>Spielerisches und taktisches Verst\u00e4ndnis<\/li>\n<li>Fu\u00dfballspezifische Techniken<\/li>\n<li>Konditionelle F\u00e4higkeiten (Kraft, Schnelligkeit, Ausdauer, Koordination)<\/li>\n<\/ul>\n<p>Aber nat\u00fcrlich geht es nicht ausschlie\u00dflich um die fu\u00dfballerischen F\u00e4higkeiten. Dar\u00fcber hinaus werden Werte wie Fairplay, Teamgeist, Respekt und Toleranz vermittelt.<\/p>\n<h3>Lehrplan<\/h3>\n<p>Das Trainingsprogramm wird auf der Basis eines sportwissenschaftlich fundierten Lehrplans\/Curriculums durchgef\u00fchrt. In diesem Lehrplan werden fu\u00dfballspezifische Techniken wie Ballannahme, Passtechnik, Kopfball, Schusstechnik (Vollspann, Innenspann), aber auch konditionelle F\u00e4higkeiten und taktisches Verst\u00e4ndnis geschult und trainert. Die ausgew\u00e4hlten Trainingsschwerpunkte bauen aufeinander auf und vertiefen gleichzeitig die bereits zuvor erlernten Inhalte. Jedoch sind die Trainer frei in ihrer Gestaltung der Schwerpunkte, um so die individuellen F\u00e4higkeiten der Spieler\/innen gezielt zu f\u00f6rdern.<\/p>\n<h3><\/h3>\n<p>[\/vc_column_text][\/vc_column][\/vc_row]<\/p>\n<\/div>","protected":false},"excerpt":{"rendered":"<p>[vc_row][vc_column][vc_empty_space height=&#8220;25px&#8220;][vc_column_text css=&#8220;&#8220;]Die Fu\u00dfballschule des TSV SCHOTT Mainz richtet sich an alle fu\u00dfballbegeisterten Jungen und M\u00e4dchen. In altershomogenen Kleingruppen werden Ihren Kinder altersgerechte Inhalte durch lizenzierte und erfahrene Trainer vermittelt. Hierzu z\u00e4hlen: Spa\u00df und Freude am Fu\u00dfball Spielerisches und taktisches Verst\u00e4ndnis Fu\u00dfballspezifische Techniken Konditionelle F\u00e4higkeiten (Kraft, Schnelligkeit, Ausdauer, Koordination) Aber nat\u00fcrlich geht es nicht ausschlie\u00dflich [&hellip;]<\/p>\n","protected":false},"author":18,"featured_media":0,"parent":0,"menu_order":4,"comment_status":"closed","ping_status":"closed","template":"","meta":{"footnotes":""},"class_list":["post-2156","page","type-page","status-publish","hentry"],"_links":{"self":[{"href":"https:\/\/tsvschott.de\/fussballschule\/wp-json\/wp\/v2\/pages\/2156","targetHints":{"allow":["GET"]}}],"collection":[{"href":"https:\/\/tsvschott.de\/fussballschule\/wp-json\/wp\/v2\/pages"}],"about":[{"href":"https:\/\/tsvschott.de\/fussballschule\/wp-json\/wp\/v2\/types\/page"}],"author":[{"embeddable":true,"href":"https:\/\/tsvschott.de\/fussballschule\/wp-json\/wp\/v2\/users\/18"}],"replies":[{"embeddable":true,"href":"https:\/\/tsvschott.de\/fussballschule\/wp-json\/wp\/v2\/comments?post=2156"}],"version-history":[{"count":5,"href":"https:\/\/tsvschott.de\/fussballschule\/wp-json\/wp\/v2\/pages\/2156\/revisions"}],"predecessor-version":[{"id":3666,"href":"https:\/\/tsvschott.de\/fussballschule\/wp-json\/wp\/v2\/pages\/2156\/revisions\/3666"}],"wp:attachment":[{"href":"https:\/\/tsvschott.de\/fussballschule\/wp-json\/wp\/v2\/media?parent=2156"}],"curies":[{"name":"wp","href":"https:\/\/api.w.org\/{rel}","templated":true}]}}