{"id":5699,"date":"2025-08-12T11:46:33","date_gmt":"2025-08-12T09:46:33","guid":{"rendered":"https:\/\/tsvschott.de\/handball\/?page_id=5699"},"modified":"2025-09-09T17:26:04","modified_gmt":"2025-09-09T15:26:04","slug":"damen-1-verbandsliga","status":"publish","type":"page","link":"https:\/\/tsvschott.de\/handball\/mannschaften\/damen-1-verbandsliga\/","title":{"rendered":"Damen 1 \u2013 Verbandsliga"},"content":{"rendered":"<div class=\"wpb-content-wrapper\"><p>[vc_row][vc_column][vc_empty_space height=&#8220;20px&#8220;][\/vc_column][\/vc_row][vc_row][vc_column][vc_tta_tabs][vc_tta_section title=&#8220;Das Team&#8220; tab_id=&#8220;1448920783386-23a431da-638a&#8220;][vc_column_text css=&#8220;&#8220;]<img loading=\"lazy\" decoding=\"async\" class=\"wp-image-5700 size-large aligncenter\" src=\"https:\/\/tsvschott.de\/handball\/wp-content\/uploads\/sites\/15\/2025\/08\/Damen-1_2025_26-e1754991701150-798x501.jpeg\" alt=\"\" width=\"640\" height=\"402\" srcset=\"https:\/\/tsvschott.de\/handball\/wp-content\/uploads\/sites\/15\/2025\/08\/Damen-1_2025_26-e1754991701150-798x501.jpeg 798w, https:\/\/tsvschott.de\/handball\/wp-content\/uploads\/sites\/15\/2025\/08\/Damen-1_2025_26-e1754991701150-382x240.jpeg 382w, https:\/\/tsvschott.de\/handball\/wp-content\/uploads\/sites\/15\/2025\/08\/Damen-1_2025_26-e1754991701150-768x482.jpeg 768w, https:\/\/tsvschott.de\/handball\/wp-content\/uploads\/sites\/15\/2025\/08\/Damen-1_2025_26-e1754991701150.jpeg 924w\" sizes=\"auto, (max-width: 640px) 100vw, 640px\" \/><\/p>\n<p style=\"text-align: center\">Unsere 1. Damenmannschaft der Saison 2025\/26<\/p>\n<p>Hinten v.l.n.r: Erna Softic, Finia Ferrando Stenner, Nele Naujoks, Yara Koboldt, Nele Barwinna<\/p>\n<p>Mitte v.l.n.r.: Co-Trainer Yannick Meinusch, Kathrin Schr\u00f6der, Lara Hacker, Alicia Leinen, Charlotte Schlosser, Trainer Florian Sch\u00e4fer<\/p>\n<p>Vorne v.l.n.r: Franziska Roth, Sophia Wenzel, Katharina Mohr<\/p>\n<p>Es fehlen: Tanita Gro\u00df, Katharina Grimm, Jana Henschke, Heidi K\u00fcthe, Selina Lange, Valeska Mattner, Lara Moritz, Cornelia M\u00fcller, Mira Poth, Milana Roher, Anna-Lena Roth<\/p>\n<div id=\"gtx-trans\" style=\"position: absolute;left: 1266px;top: 592.719px\">\n<div class=\"gtx-trans-icon\"><\/div>\n<\/div>\n<p>[\/vc_column_text][\/vc_tta_section][vc_tta_section title=&#8220;Die Trainer&#8220; tab_id=&#8220;1448920783295-80f8d838-992d&#8220;][vc_column_text css=&#8220;&#8220;]Florian Sch\u00e4fer<br \/>\nMobil: <a href=\"tel:+4915123093084\">0151-23093084<\/a><br \/>\nMail: \u00a0<a href=\"mailto:handball@tsvschott.de\" target=\"_blank\" rel=\"noopener noreferrer\">handball@tsvschott.de<\/a><\/p>\n<div id=\"gtx-trans\">\n<div class=\"gtx-trans-icon\"><\/div>\n<\/div>\n<p>[\/vc_column_text][\/vc_tta_section][vc_tta_section title=&#8220;Trainingszeiten&#8220; tab_id=&#8220;1448920816606-c561bee3-800b&#8220;][vc_column_text css=&#8220;&#8220;]<strong>Dienstag<br \/>\n<\/strong>19.00 Uhr bis 20.30 Uhr<br \/>\nMombacher Halle<\/p>\n<p><strong>Donnerstag<\/strong><br \/>\n19.00 Uhr bis 20.30 Uhr<br \/>\nWeserhalle[\/vc_column_text][\/vc_tta_section][\/vc_tta_tabs][\/vc_column][\/vc_row][vc_row][vc_column width=&#8220;1\/2&#8243;][vc_raw_html css=&#8220;&#8220;]JTNDc2NyaXB0JTNFJTBEJTBBJTI4ZnVuY3Rpb24lMjhlJTJDdCUyQ24lMkNyJTJDaSUyQ3MlMkNvJTI5JTdCZSU1QmklNUQlM0RlJTVCaSU1RCU3QyU3Q2Z1bmN0aW9uJTI4JTI5JTdCJTI4ZSU1QmklNUQucSUzRGUlNUJpJTVELnElN0MlN0MlNUIlNUQlMjkucHVzaCUyOGFyZ3VtZW50cyUyOSU3RCUyQyUyMGUlNUJpJTVELmwlM0QxJTJBbmV3JTIwRGF0ZSUzQnMlM0R0LmNyZWF0ZUVsZW1lbnQlMjhuJTI5JTJDbyUzRHQuZ2V0RWxlbWVudHNCeVRhZ05hbWUlMjhuJTI5JTVCMCU1RCUzQnMuYXN5bmMlM0QxJTNCJTIwcy5zcmMlM0RyJTNCby5wYXJlbnROb2RlLmluc2VydEJlZm9yZSUyOHMlMkNvJTI5JTdEJTI5JTI4d2luZG93JTJDZG9jdW1lbnQlMkMlMjJzY3JpcHQlMjIlMkMlMjAlMjdodHRwcyUzQSUyRiUyRnd3dy5oYW5kYmFsbC5uZXQlMkZ3aWRnZXRzJTJGZW1iZWQlMkZ2MS5qcyUyNyUyQyUyMl9oYiUyMiUyOSUzQiUwRCUwQSUzQyUyRnNjcmlwdCUzRSUwRCUwQSUzQ2RpdiUyMGlkJTNEJTI3aGFuZGJhbGwtc3BpZWxwbGFuJTI3JTNFJTNDJTJGZGl2JTNFJTBEJTBBJTNDc2NyaXB0JTNFJTBEJTBBX2hiJTI4JTdCJTBEJTBBd2lkZ2V0JTNBJTIwJTI3c3BpZWxwbGFuJTI3JTJDJTBEJTBBdGVhbUlkJTNBJTIwJTI3aGFuZGJhbGw0YWxsLnJoZWluaGVzc2VuLXBmYWx6LjEyODI1OTElMjclMkMlMEQlMEFjb250YWluZXIlM0ElMjAlMjdoYW5kYmFsbC1zcGllbHBsYW4lMjclMEQlMEElN0QlMjklMEQlMEElM0MlMkZzY3JpcHQlM0U=[\/vc_raw_html][\/vc_column][vc_column width=&#8220;1\/2&#8243;][vc_raw_html css=&#8220;&#8220;]JTNDc2NyaXB0JTNFJTBEJTBBJTI4ZnVuY3Rpb24lMjhlJTJDdCUyQ24lMkNyJTJDaSUyQ3MlMkNvJTI5JTdCZSU1QmklNUQlM0RlJTVCaSU1RCU3QyU3Q2Z1bmN0aW9uJTI4JTI5JTdCJTI4ZSU1QmklNUQucSUzRGUlNUJpJTVELnElN0MlN0MlNUIlNUQlMjkucHVzaCUyOGFyZ3VtZW50cyUyOSU3RCUyQyUyMGUlNUJpJTVELmwlM0QxJTJBbmV3JTIwRGF0ZSUzQnMlM0R0LmNyZWF0ZUVsZW1lbnQlMjhuJTI5JTJDbyUzRHQuZ2V0RWxlbWVudHNCeVRhZ05hbWUlMjhuJTI5JTVCMCU1RCUzQnMuYXN5bmMlM0QxJTNCJTIwcy5zcmMlM0RyJTNCby5wYXJlbnROb2RlLmluc2VydEJlZm9yZSUyOHMlMkNvJTI5JTdEJTI5JTI4d2luZG93JTJDZG9jdW1lbnQlMkMlMjJzY3JpcHQlMjIlMkMlMjAlMjdodHRwcyUzQSUyRiUyRnd3dy5oYW5kYmFsbC5uZXQlMkZ3aWRnZXRzJTJGZW1iZWQlMkZ2MS5qcyUyNyUyQyUyMl9oYiUyMiUyOSUzQiUwRCUwQSUzQyUyRnNjcmlwdCUzRSUwRCUwQSUzQ2RpdiUyMGlkJTNEJTI3aGFuZGJhbGwtdGFiZWxsZSUyNyUzRSUzQyUyRmRpdiUzRSUwRCUwQSUzQ3NjcmlwdCUzRSUwRCUwQV9oYiUyOCU3QiUwRCUwQXdpZGdldCUzQSUyMCUyN3RhYmVsbGUlMjclMkMlMEQlMEF0ZWFtSWQlM0ElMjAlMjdoYW5kYmFsbDRhbGwucmhlaW5oZXNzZW4tcGZhbHouMTI4MjU5MSUyNyUyQyUwRCUwQWNvbnRhaW5lciUzQSUyMCUyN2hhbmRiYWxsLXRhYmVsbGUlMjclMEQlMEElN0QlMjklMEQlMEElM0MlMkZzY3JpcHQlM0U=[\/vc_raw_html][\/vc_column][\/vc_row][vc_row][vc_column][vc_column_text css=&#8220;&#8220;]<\/p>\n<header class=\"frame-header\">\n<h2 class=\"element-header \" style=\"text-align: center\">Saison 2025\/2026<\/h2>\n<\/header>\n<p class=\"p3\">Mit frischer Energie, harter Vorbereitung und einem klaren Ziel vor Augen startet unsere Damenmannschaft in die Handballsaison 2025\/26. Nach einer erholsamen Sommerpause und den ersten schwei\u00dftreibenden Trainingseinheiten blickt das Team motiviert und geschlossen auf die bevorstehenden Herausforderungen. Durch den Ligazusammenschluss treffen wir n\u00e4chstes Jahr auf zwei Mannschaften aus der Pfalz, w\u00e4hrend uns die \u00fcbrigen Spieltage zu bekannten Mannschaften f\u00fchren.<\/p>\n<p>Die vergangene Saison war gepr\u00e4gt von H\u00f6hen und Tiefen \u2013 Wir konnten unsere St\u00e4rken nur selten wirklich einsetzen und haderten oft mit der Qualit\u00e4t im Abschluss. Mit mehr Selbstvertrauen und besserem kollektiven Zusammenhalt soll es nun weitergehen. In der Sommerpause gab es einige personelle Ver\u00e4nderungen: W\u00e4hrend wir uns von erfahrenen Spielerinnen verabschieden mussten, konnten wir mit ebenso spannende Neuzug\u00e4nge gewinnen, die unserem Spiel weitere Facetten geben k\u00f6nnen.<\/p>\n<p>Im Trainerteam erg\u00e4nzt ab sofort Yannick Meinusch als Co-Trainer die Aufgaben von Florian Sch\u00e4fer, der weiterhin als Trainer verblieben ist.\u00a0Der Spielstil, der letztes Jahr langsam erarbeitet wurde, soll nun in der kommenden Saison weiter fortgef\u00fchrt werden.<\/p>\n<p>Die Vorbereitung stand ganz im Zeichen von Ausdauer, Athletik und spielerischer Weiterentwicklung. Besonders an unserem Tempospiel, der Abstimmung in der Abwehr und der Chancenverwertung wurde intensiv gearbeitet. In den Testspielen zeigte sich bereits: Die Mannschaft findet immer besser zusammen und w\u00e4chst als Kollektiv.<\/p>\n<p>Unsere jungen Spielerinnen sollen St\u00fcck f\u00fcr St\u00fcck an die Verantwortung herangef\u00fchrt werden. Diese Aufgabe haben vor allem die erfahrenen F\u00fchrungsspielerinnen wie Franziska Roth oder Kathrin Schr\u00f6der.<\/p>\n<p>Unser klares Ziel: Eine stabile Saison mit konstanter Leistung \u2013 und ein Platz in der oberen Tabellenh\u00e4lfte. Au\u00dferdem die Weiterentwickelung im spielerischen und taktischen Bereich. Dabei stehen vor allem Teamgeist und ein gemeinsames Auftreten im Fokus. Wenn wir verletzungsfrei bleiben und unser Potenzial abrufen, ist in dieser Saison vieles m\u00f6glich.<\/p>\n<p>Ein gro\u00dfer Dank geht schon jetzt an unsere treuen Unterst\u00fctzer:innen, Helfer:innen und Fans, die uns bei jedem Spiel den R\u00fccken st\u00e4rken. Auf geht\u2019s in die Saison 2025\/26 \u2013 mit Leidenschaft, Teamgeist und klaren Zielen.[\/vc_column_text][\/vc_column][\/vc_row]<\/p>\n<\/div>","protected":false},"excerpt":{"rendered":"<p>[vc_row][vc_column][vc_empty_space height=&#8220;20px&#8220;][\/vc_column][\/vc_row][vc_row][vc_column][vc_tta_tabs][vc_tta_section title=&#8220;Das Team&#8220; tab_id=&#8220;1448920783386-23a431da-638a&#8220;][vc_column_text css=&#8220;&#8220;] Unsere 1. Damenmannschaft der Saison 2025\/26 Hinten v.l.n.r: Erna Softic, Finia Ferrando Stenner, Nele Naujoks, Yara Koboldt, Nele Barwinna Mitte v.l.n.r.: Co-Trainer Yannick Meinusch, Kathrin Schr\u00f6der, Lara Hacker, Alicia Leinen, Charlotte Schlosser, Trainer Florian Sch\u00e4fer Vorne v.l.n.r: Franziska Roth, Sophia Wenzel, Katharina Mohr Es fehlen: Tanita Gro\u00df, Katharina Grimm, [&hellip;]<\/p>\n","protected":false},"author":19,"featured_media":0,"parent":2994,"menu_order":2,"comment_status":"closed","ping_status":"closed","template":"","meta":{"footnotes":""},"class_list":["post-5699","page","type-page","status-publish","hentry"],"_links":{"self":[{"href":"https:\/\/tsvschott.de\/handball\/wp-json\/wp\/v2\/pages\/5699","targetHints":{"allow":["GET"]}}],"collection":[{"href":"https:\/\/tsvschott.de\/handball\/wp-json\/wp\/v2\/pages"}],"about":[{"href":"https:\/\/tsvschott.de\/handball\/wp-json\/wp\/v2\/types\/page"}],"author":[{"embeddable":true,"href":"https:\/\/tsvschott.de\/handball\/wp-json\/wp\/v2\/users\/19"}],"replies":[{"embeddable":true,"href":"https:\/\/tsvschott.de\/handball\/wp-json\/wp\/v2\/comments?post=5699"}],"version-history":[{"count":8,"href":"https:\/\/tsvschott.de\/handball\/wp-json\/wp\/v2\/pages\/5699\/revisions"}],"predecessor-version":[{"id":5797,"href":"https:\/\/tsvschott.de\/handball\/wp-json\/wp\/v2\/pages\/5699\/revisions\/5797"}],"up":[{"embeddable":true,"href":"https:\/\/tsvschott.de\/handball\/wp-json\/wp\/v2\/pages\/2994"}],"wp:attachment":[{"href":"https:\/\/tsvschott.de\/handball\/wp-json\/wp\/v2\/media?parent=5699"}],"curies":[{"name":"wp","href":"https:\/\/api.w.org\/{rel}","templated":true}]}}