{"id":5094,"date":"2023-08-13T21:15:04","date_gmt":"2023-08-13T19:15:04","guid":{"rendered":"https:\/\/tsvschott.de\/leichtathletik\/?page_id=5094"},"modified":"2026-04-20T12:46:43","modified_gmt":"2026-04-20T10:46:43","slug":"nachwuchs","status":"publish","type":"page","link":"https:\/\/tsvschott.de\/leichtathletik\/nachwuchs\/","title":{"rendered":"Nachwuchskonzept"},"content":{"rendered":"<div class=\"wpb-content-wrapper\"><p>[vc_row][vc_column][vc_cta h2=&#8220;Das Konzept f\u00fcr unsere Nachwuchsarbeit&#8220; css=&#8220;&#8220;]Wir als Leichtathletikabteilung des TSV SCHOTT Mainz bieten ein zeit- und altersgem\u00e4\u00dfes Training f\u00fcr jede Altersgruppe an. Jede Trainingsgruppe hat dabei ihre ganz eigenen Ziele:[\/vc_cta][vc_single_image image=&#8220;6173&#8243; img_size=&#8220;960&#215;540&#8243; alignment=&#8220;center&#8220; onclick=&#8220;img_link_large&#8220; img_link_target=&#8220;_blank&#8220; css=&#8220;&#8220;][vc_cta h2=&#8220;&#8220; css=&#8220;&#8220;]Das Training soll dazu beitragen die Kinder und Jugendlichen sportlich, sozial und gesundheitlich zu f\u00f6rdern und ihnen eine langfristige Perspektive in unserem Verein aufzeigen, egal ob als Sportler\/in oder in einer anderen Funktion. Zudem legen wir gro\u00dfen Wert auf einen famili\u00e4ren Umgang mit den Eltern und den Athlet\/innen, um eine passende Atmosph\u00e4re zu schaffen, in der Spa\u00df am Wettkampfsport und daraus Leistung entstehen kann. Dabei sind uns als Nachwuchsabteilung Werte wie Respekt, Hilfsbereitschaft und Gemeinschaft besonders wichtig!<\/p>\n<p>Neben der durchg\u00e4ngigen F\u00f6rderung ab der Kinderleichtathletik m\u00f6chten wir als Verein auch Neueinsteigern jederzeit die M\u00f6glichkeit bieten, sich in unseren Trainingsgruppen zu integrieren. Wir m\u00f6chten allen Athlet\/innen eine Trainingsgruppe bieten, in der er\/sie sich sportlich und sozial entwickeln kann &#8211; unabh\u00e4ngig von der aktuellen Leistung.[\/vc_cta][\/vc_column][\/vc_row][vc_row][vc_column][vc_empty_space height=&#8220;80px&#8220;][vc_text_separator title=&#8220;Unsere Kinder- &amp; Jugendleichtathletikgruppen&#8220; css=&#8220;&#8220;][\/vc_column][\/vc_row][vc_row][vc_column width=&#8220;1\/2&#8243;][vc_column_text css=&#8220;.vc_custom_1705178269970{margin-top: -20px !important;}&#8220;]<\/p>\n<h2>U8 und U10<\/h2>\n<p>[\/vc_column_text][vc_column_text css=&#8220;.vc_custom_1725655578420{margin-top: -20px !important;}&#8220;]<\/p>\n<div class=\"content\">\n<div class=\"ac-container ac-adaptiveCard\">\n<div class=\"ac-textBlock\">\n<p>In dieser Altersklasse liegt der Fokus auf der spielerischen Vermittlung von grundlegenden motorischen F\u00e4higkeiten wie Laufen, Springen, Werfen und auch sportart\u00fcbergreifenden Bewegungen, um einen breiten, allgemeinen Bewegungsschatz zu bilden. Die Kinder nehmen an altersgerechten Teamwettk\u00e4mpfen teil, welche Spa\u00df und Freude bereiten sollen.<\/p><\/div>\n<\/div>\n<\/div>\n<p>[\/vc_column_text][\/vc_column][vc_column width=&#8220;1\/2&#8243;][vc_single_image image=&#8220;5604&#8243; img_size=&#8220;1600&#215;900&#8243; style=&#8220;vc_box_shadow_3d&#8220;][\/vc_column][\/vc_row][vc_row][vc_column][vc_empty_space][\/vc_column][\/vc_row][vc_row][vc_column width=&#8220;1\/2&#8243;][vc_column_text css=&#8220;.vc_custom_1704570805590{margin-top: -20px !important;}&#8220;]<\/p>\n<h2>U12<\/h2>\n<p>[\/vc_column_text][vc_column_text css=&#8220;.vc_custom_1725655871227{margin-top: -20px !important;}&#8220;]<\/p>\n<div class=\"ac-textBlock\">\n<p>Das Ziel in dieser Altersgruppe ist es grundlegende motorische F\u00e4higkeiten wie Laufen, Springen und Werfen weiterzuentwickeln, um den allgemeinen Bewegungsschatz zu erweitern. Wettk\u00e4mpfe werden in dieser Altersklasse sowohl im Team als auch einzeln durchgef\u00fchrt. Das soll den Kindern die M\u00f6glichkeit geben ihre F\u00e4higkeiten unter Beweis zu stellen und sich mit anderen gleichaltrigen Kindern zu messen, aber auch als Team weiter zusammenzuwachsen.<\/p><\/div>\n<p>[\/vc_column_text][\/vc_column][vc_column width=&#8220;1\/2&#8243;][vc_single_image image=&#8220;6696&#8243; img_size=&#8220;1600&#215;900&#8243; style=&#8220;vc_box_shadow_3d&#8220; css=&#8220;&#8220;][\/vc_column][\/vc_row][vc_row][vc_column][vc_empty_space][\/vc_column][\/vc_row][vc_row][vc_column width=&#8220;1\/2&#8243;][vc_column_text css=&#8220;.vc_custom_1704570813439{margin-top: -20px !important;}&#8220;]<\/p>\n<h2>U14<\/h2>\n<p>[\/vc_column_text][vc_column_text css=&#8220;.vc_custom_1725656114474{margin-top: -20px !important;}&#8220;]In dieser Altersklasse wird der Fokus auf die Verbesserung der koordinativen und athletischen F\u00e4higkeiten und die Vorbereitung auf Einzel- und Staffelwettk\u00e4mpfe gelegt. Dabei f\u00fchren alle Kinder ein mehrkampforientiertes Training durch. Das Ziel in der U14 ist, dass alle Kinder ihre Technik in den verschiedenen Disziplinen durch vielf\u00e4ltige Bewegungserfahrungen weiterentwickeln und sich bei Wettk\u00e4mpfen mit gleichaltrigen Kindern messen und ihre F\u00e4higkeiten unter Beweis stellen. Durch regelm\u00e4\u00dfige Schwerpunkttrainings werden die individuellen St\u00e4rken der Kinder gef\u00f6rdert.[\/vc_column_text][\/vc_column][vc_column width=&#8220;1\/2&#8243;][vc_single_image image=&#8220;6676&#8243; img_size=&#8220;1600&#215;900&#8243; style=&#8220;vc_box_shadow_3d&#8220; css=&#8220;&#8220;][\/vc_column][\/vc_row][vc_row][vc_column][vc_empty_space][\/vc_column][\/vc_row][vc_row][vc_column width=&#8220;1\/2&#8243;][vc_column_text css=&#8220;.vc_custom_1704570820752{margin-top: -20px !important;}&#8220;]<\/p>\n<h2>U16<\/h2>\n<p>[\/vc_column_text][vc_column_text css=&#8220;.vc_custom_1725656163727{margin-top: -20px !important;}&#8220;]Der Schwerpunkt in dieser Altersgruppe liegt darauf, die Kinder auf Wettk\u00e4mpfe ihres individuellen Niveaus vorzubereiten und erfolgreich abzuschlie\u00dfen. Die Kinder erlernen im Training die leichtathletikspezifischen Techniken in Grob- und Feinform und werden dabei unterst\u00fctzt ihre Leistung bei Einzel- und Staffelwettk\u00e4mpfen zu steigern. Das Training ist hierbei weiterhin auf den Mehrkampf ausgerichtet. Durch regelm\u00e4\u00dfige Schwerpunkttrainings werden die individuellen St\u00e4rken der Kinder gef\u00f6rdert.[\/vc_column_text][\/vc_column][vc_column width=&#8220;1\/2&#8243;][vc_single_image image=&#8220;6677&#8243; img_size=&#8220;1600&#215;900&#8243; style=&#8220;vc_box_shadow_3d&#8220; css=&#8220;&#8220;][\/vc_column][\/vc_row][vc_row][vc_column][vc_empty_space height=&#8220;80px&#8220;][vc_text_separator title=&#8220;Unsere zus\u00e4tzlichen Angebote&#8220;][\/vc_column][\/vc_row][vc_row][vc_column width=&#8220;1\/2&#8243;][vc_column_text css=&#8220;.vc_custom_1725656248689{margin-top: -20px !important;}&#8220;]<\/p>\n<h2>Unser Team &#8211; Unsere Werte<\/h2>\n<p>Zusammen mit unseren Kinder- und Jugendleichtathletikgruppen organisieren wir regelm\u00e4\u00dfig Teamtage. Dank der Unterst\u00fctzung durch Vertrauenscoach Michael Jung und den Landessportbund RLP konnte sich unser Nachwuchs dieses Jahr mit den eigenen Werten und den Werten f\u00fcrs Team auseinandersetzen. Gleichzeitig haben sich unsere Nachwuchstrainer\/innen \u00fcber Werte und Vielfalt in der Leichtathletik ausgetauscht.[\/vc_column_text][\/vc_column][vc_column width=&#8220;1\/2&#8243;][vc_single_image image=&#8220;5482&#8243; img_size=&#8220;800&#215;400&#8243; style=&#8220;vc_box_shadow_3d&#8220;][\/vc_column][\/vc_row][vc_row][vc_column][vc_empty_space][\/vc_column][\/vc_row][vc_row][vc_column width=&#8220;1\/2&#8243; offset=&#8220;vc_hidden-lg vc_hidden-md vc_hidden-sm vc_hidden-xs&#8220;][vc_column_text css=&#8220;.vc_custom_1725181535286{margin-top: -20px !important;}&#8220;]<\/p>\n<h2>Anti-Doping Workshop<\/h2>\n<p>[\/vc_column_text][vc_column_text css=&#8220;.vc_custom_1704627235693{margin-top: -20px !important;}&#8220;][\/vc_column_text][\/vc_column][vc_column width=&#8220;1\/2&#8243; offset=&#8220;vc_hidden-lg vc_hidden-md vc_hidden-sm vc_hidden-xs&#8220;][vc_single_image img_size=&#8220;1600&#215;900&#8243; style=&#8220;vc_box_shadow_3d&#8220;][\/vc_column][\/vc_row][vc_row][vc_column width=&#8220;1\/2&#8243;][vc_column_text css=&#8220;.vc_custom_1725656379581{margin-top: -20px !important;}&#8220;]<\/p>\n<h2>Wettkampfbesuche<\/h2>\n<p>[\/vc_column_text][vc_column_text css=&#8220;.vc_custom_1725656641790{margin-top: -20px !important;}&#8220;]Seit 2 Jahren organisieren wir einmal im Jahr einen sportlichen Ausflug f\u00fcr alle interessierten Kinder, Jugendlichen, Eltern und Trainer\/innen. 2023 waren wir im Auestadion in Kassel bei den Deutschen Meisterschaften mit mehr als 60 Teilnehmer\/innen dabei, um die Stars von Deutschland und unserem Verein anzufeuern! 2024 waren wir beim 59. Pfingstsportfest in Rehlingen zu Besuch und konnten viele Europameister, Weltmeister und Olympiasieger hautnah miterleben. Im Rahmenprogramm durften sogar unsere U12 und U14 Gruppen Staffel laufen![\/vc_column_text][\/vc_column][vc_column width=&#8220;1\/2&#8243;][vc_single_image image=&#8220;6171&#8243; img_size=&#8220;1600&#215;900&#8243; style=&#8220;vc_box_shadow_3d&#8220; css=&#8220;&#8220;][\/vc_column][\/vc_row][vc_row][vc_column][vc_empty_space][\/vc_column][\/vc_row][vc_row][vc_column width=&#8220;1\/2&#8243;][vc_column_text css=&#8220;.vc_custom_1725656690758{margin-top: -20px !important;}&#8220;]<\/p>\n<h2>Leichtathletikfreizeit U14\/U16<\/h2>\n<p>[\/vc_column_text][vc_column_text css=&#8220;.vc_custom_1725656737274{margin-top: -20px !important;}&#8220;]Unser U14- und U16-Team verbringt seit einigen Jahren mehrere Tage an der Hermann Neuberger Sportschule in Saarbr\u00fccken. Sport, Bewegung, Teambuilding und jede Menge Spa\u00df stehen hier im Vordergrund.[\/vc_column_text][\/vc_column][vc_column width=&#8220;1\/2&#8243;][vc_single_image image=&#8220;6678&#8243; img_size=&#8220;full&#8220; style=&#8220;vc_box_shadow_3d&#8220; css=&#8220;&#8220;][\/vc_column][\/vc_row][vc_row][vc_column][vc_empty_space][\/vc_column][\/vc_row][vc_row][vc_column width=&#8220;1\/2&#8243;][vc_column_text css=&#8220;.vc_custom_1725197618565{margin-top: -20px !important;}&#8220;]<\/p>\n<h2>Leichtathletikcamps<\/h2>\n<p>[\/vc_column_text][vc_column_text css=&#8220;.vc_custom_1725656783641{margin-top: -20px !important;}&#8220;]Laufen, Springen, Werfen und vieles mehr! Mache dich bereit f\u00fcr eine Woche voller Herausforderungen und Spa\u00df in unseren <a href=\"https:\/\/tsvschott.de\/leichtathletik\/leichtathletikcamp\/\">Leichtathletikcamps<\/a>![\/vc_column_text][\/vc_column][vc_column width=&#8220;1\/2&#8243;][vc_single_image image=&#8220;6018&#8243; img_size=&#8220;800&#215;400&#8243; style=&#8220;vc_box_shadow_3d&#8220; css=&#8220;&#8220;][\/vc_column][\/vc_row][vc_row][vc_column][vc_empty_space height=&#8220;80px&#8220;][vc_text_separator title=&#8220;Weitere Informationen&#8220; css=&#8220;&#8220;][\/vc_column][\/vc_row][vc_row][vc_column width=&#8220;1\/3&#8243;][vc_btn title=&#8220;Probetraining&#8220; style=&#8220;classic&#8220; color=&#8220;primary&#8220; size=&#8220;lg&#8220; align=&#8220;center&#8220; i_icon_fontawesome=&#8220;far fa-envelope&#8220; button_block=&#8220;true&#8220; add_icon=&#8220;true&#8220; link=&#8220;url:https%3A%2F%2Ftsvschott.de%2Fleichtathletik%2Fprobetraining%2F|title:Probetraining&#8220;][\/vc_column][vc_column width=&#8220;1\/3&#8243;][vc_btn title=&#8220;Trainingszeiten&#8220; style=&#8220;classic&#8220; color=&#8220;primary&#8220; size=&#8220;lg&#8220; align=&#8220;center&#8220; i_icon_fontawesome=&#8220;far fa-clock&#8220; button_block=&#8220;true&#8220; add_icon=&#8220;true&#8220; link=&#8220;url:https%3A%2F%2Ftsvschott.de%2Fleichtathletik%2Fhome%2Ftrainingszeiten%2F|title:Trainingszeiten&#8220;][\/vc_column][vc_column width=&#8220;1\/3&#8243;][vc_btn title=&#8220;Trainerteam&#8220; style=&#8220;classic&#8220; color=&#8220;primary&#8220; size=&#8220;lg&#8220; align=&#8220;center&#8220; i_icon_fontawesome=&#8220;fas fa-running&#8220; button_block=&#8220;true&#8220; add_icon=&#8220;true&#8220; link=&#8220;url:https%3A%2F%2Ftsvschott.de%2Fleichtathletik%2Ftrainerteam%2F|title:Trainerteam&#8220;][\/vc_column][\/vc_row]<\/p>\n<\/div>","protected":false},"excerpt":{"rendered":"<p>[vc_row][vc_column][vc_cta h2=&#8220;Das Konzept f\u00fcr unsere Nachwuchsarbeit&#8220; css=&#8220;&#8220;]Wir als Leichtathletikabteilung des TSV SCHOTT Mainz bieten ein zeit- und altersgem\u00e4\u00dfes Training f\u00fcr jede Altersgruppe an. Jede Trainingsgruppe hat dabei ihre ganz eigenen Ziele:[\/vc_cta][vc_single_image image=&#8220;6173&#8243; img_size=&#8220;960&#215;540&#8243; alignment=&#8220;center&#8220; onclick=&#8220;img_link_large&#8220; img_link_target=&#8220;_blank&#8220; css=&#8220;&#8220;][vc_cta h2=&#8220;&#8220; css=&#8220;&#8220;]Das Training soll dazu beitragen die Kinder und Jugendlichen sportlich, sozial und gesundheitlich zu f\u00f6rdern und ihnen [&hellip;]<\/p>\n","protected":false},"author":57,"featured_media":0,"parent":0,"menu_order":22,"comment_status":"closed","ping_status":"closed","template":"","meta":{"footnotes":""},"class_list":["post-5094","page","type-page","status-publish","hentry"],"_links":{"self":[{"href":"https:\/\/tsvschott.de\/leichtathletik\/wp-json\/wp\/v2\/pages\/5094","targetHints":{"allow":["GET"]}}],"collection":[{"href":"https:\/\/tsvschott.de\/leichtathletik\/wp-json\/wp\/v2\/pages"}],"about":[{"href":"https:\/\/tsvschott.de\/leichtathletik\/wp-json\/wp\/v2\/types\/page"}],"author":[{"embeddable":true,"href":"https:\/\/tsvschott.de\/leichtathletik\/wp-json\/wp\/v2\/users\/57"}],"replies":[{"embeddable":true,"href":"https:\/\/tsvschott.de\/leichtathletik\/wp-json\/wp\/v2\/comments?post=5094"}],"version-history":[{"count":85,"href":"https:\/\/tsvschott.de\/leichtathletik\/wp-json\/wp\/v2\/pages\/5094\/revisions"}],"predecessor-version":[{"id":6697,"href":"https:\/\/tsvschott.de\/leichtathletik\/wp-json\/wp\/v2\/pages\/5094\/revisions\/6697"}],"wp:attachment":[{"href":"https:\/\/tsvschott.de\/leichtathletik\/wp-json\/wp\/v2\/media?parent=5094"}],"curies":[{"name":"wp","href":"https:\/\/api.w.org\/{rel}","templated":true}]}}

<div class="wpb-content-wrapper"><p>[vc_row][vc_column][vc_cta h2=&#8220;Das Konzept für unsere Nachwuchsarbeit&#8220; css=&#8220;&#8220;]Wir als Leichtathletikabteilung des TSV SCHOTT Mainz bieten ein zeit- und altersgemäßes Training für jede Altersgruppe an. Jede Trainingsgruppe hat dabei ihre ganz eigenen Ziele:[/vc_cta][vc_single_image image=&#8220;6173&#8243; img_size=&#8220;960&#215;540&#8243; alignment=&#8220;center&#8220; onclick=&#8220;img_link_large&#8220; img_link_target=&#8220;_blank&#8220; css=&#8220;&#8220;][vc_cta h2=&#8220;&#8220; css=&#8220;&#8220;]Das Training soll dazu beitragen die Kinder und Jugendlichen sportlich, sozial und gesundheitlich zu fördern und ihnen eine langfristige Perspektive in unserem Verein aufzeigen, egal ob als Sportler/in oder in einer anderen Funktion. Zudem legen wir großen Wert auf einen familiären Umgang mit den Eltern und den Athlet/innen, um eine passende Atmosphäre zu schaffen, in der Spaß am Wettkampfsport und daraus Leistung entstehen kann. Dabei sind uns als Nachwuchsabteilung Werte wie Respekt, Hilfsbereitschaft und Gemeinschaft besonders wichtig!</p>
<p>Neben der durchgängigen Förderung ab der Kinderleichtathletik möchten wir als Verein auch Neueinsteigern jederzeit die Möglichkeit bieten, sich in unseren Trainingsgruppen zu integrieren. Wir möchten allen Athlet/innen eine Trainingsgruppe bieten, in der er/sie sich sportlich und sozial entwickeln kann &#8211; unabhängig von der aktuellen Leistung.[/vc_cta][/vc_column][/vc_row][vc_row][vc_column][vc_empty_space height=&#8220;80px&#8220;][vc_text_separator title=&#8220;Unsere Kinder- &amp; Jugendleichtathletikgruppen&#8220; css=&#8220;&#8220;][/vc_column][/vc_row][vc_row][vc_column width=&#8220;1/2&#8243;][vc_column_text css=&#8220;.vc_custom_1705178269970{margin-top: -20px !important;}&#8220;]</p>
<h2>U8 und U10</h2>
<p>[/vc_column_text][vc_column_text css=&#8220;.vc_custom_1725655578420{margin-top: -20px !important;}&#8220;]</p>
<div class="content">
<div class="ac-container ac-adaptiveCard">
<div class="ac-textBlock">
<p>In dieser Altersklasse liegt der Fokus auf der spielerischen Vermittlung von grundlegenden motorischen Fähigkeiten wie Laufen, Springen, Werfen und auch sportartübergreifenden Bewegungen, um einen breiten, allgemeinen Bewegungsschatz zu bilden. Die Kinder nehmen an altersgerechten Teamwettkämpfen teil, welche Spaß und Freude bereiten sollen.</p></div>
</div>
</div>
<p>[/vc_column_text][/vc_column][vc_column width=&#8220;1/2&#8243;][vc_single_image image=&#8220;5604&#8243; img_size=&#8220;1600&#215;900&#8243; style=&#8220;vc_box_shadow_3d&#8220;][/vc_column][/vc_row][vc_row][vc_column][vc_empty_space][/vc_column][/vc_row][vc_row][vc_column width=&#8220;1/2&#8243;][vc_column_text css=&#8220;.vc_custom_1704570805590{margin-top: -20px !important;}&#8220;]</p>
<h2>U12</h2>
<p>[/vc_column_text][vc_column_text css=&#8220;.vc_custom_1725655871227{margin-top: -20px !important;}&#8220;]</p>
<div class="ac-textBlock">
<p>Das Ziel in dieser Altersgruppe ist es grundlegende motorische Fähigkeiten wie Laufen, Springen und Werfen weiterzuentwickeln, um den allgemeinen Bewegungsschatz zu erweitern. Wettkämpfe werden in dieser Altersklasse sowohl im Team als auch einzeln durchgeführt. Das soll den Kindern die Möglichkeit geben ihre Fähigkeiten unter Beweis zu stellen und sich mit anderen gleichaltrigen Kindern zu messen, aber auch als Team weiter zusammenzuwachsen.</p></div>
<p>[/vc_column_text][/vc_column][vc_column width=&#8220;1/2&#8243;][vc_single_image image=&#8220;6696&#8243; img_size=&#8220;1600&#215;900&#8243; style=&#8220;vc_box_shadow_3d&#8220; css=&#8220;&#8220;][/vc_column][/vc_row][vc_row][vc_column][vc_empty_space][/vc_column][/vc_row][vc_row][vc_column width=&#8220;1/2&#8243;][vc_column_text css=&#8220;.vc_custom_1704570813439{margin-top: -20px !important;}&#8220;]</p>
<h2>U14</h2>
<p>[/vc_column_text][vc_column_text css=&#8220;.vc_custom_1725656114474{margin-top: -20px !important;}&#8220;]In dieser Altersklasse wird der Fokus auf die Verbesserung der koordinativen und athletischen Fähigkeiten und die Vorbereitung auf Einzel- und Staffelwettkämpfe gelegt. Dabei führen alle Kinder ein mehrkampforientiertes Training durch. Das Ziel in der U14 ist, dass alle Kinder ihre Technik in den verschiedenen Disziplinen durch vielfältige Bewegungserfahrungen weiterentwickeln und sich bei Wettkämpfen mit gleichaltrigen Kindern messen und ihre Fähigkeiten unter Beweis stellen. Durch regelmäßige Schwerpunkttrainings werden die individuellen Stärken der Kinder gefördert.[/vc_column_text][/vc_column][vc_column width=&#8220;1/2&#8243;][vc_single_image image=&#8220;6676&#8243; img_size=&#8220;1600&#215;900&#8243; style=&#8220;vc_box_shadow_3d&#8220; css=&#8220;&#8220;][/vc_column][/vc_row][vc_row][vc_column][vc_empty_space][/vc_column][/vc_row][vc_row][vc_column width=&#8220;1/2&#8243;][vc_column_text css=&#8220;.vc_custom_1704570820752{margin-top: -20px !important;}&#8220;]</p>
<h2>U16</h2>
<p>[/vc_column_text][vc_column_text css=&#8220;.vc_custom_1725656163727{margin-top: -20px !important;}&#8220;]Der Schwerpunkt in dieser Altersgruppe liegt darauf, die Kinder auf Wettkämpfe ihres individuellen Niveaus vorzubereiten und erfolgreich abzuschließen. Die Kinder erlernen im Training die leichtathletikspezifischen Techniken in Grob- und Feinform und werden dabei unterstützt ihre Leistung bei Einzel- und Staffelwettkämpfen zu steigern. Das Training ist hierbei weiterhin auf den Mehrkampf ausgerichtet. Durch regelmäßige Schwerpunkttrainings werden die individuellen Stärken der Kinder gefördert.[/vc_column_text][/vc_column][vc_column width=&#8220;1/2&#8243;][vc_single_image image=&#8220;6677&#8243; img_size=&#8220;1600&#215;900&#8243; style=&#8220;vc_box_shadow_3d&#8220; css=&#8220;&#8220;][/vc_column][/vc_row][vc_row][vc_column][vc_empty_space height=&#8220;80px&#8220;][vc_text_separator title=&#8220;Unsere zusätzlichen Angebote&#8220;][/vc_column][/vc_row][vc_row][vc_column width=&#8220;1/2&#8243;][vc_column_text css=&#8220;.vc_custom_1725656248689{margin-top: -20px !important;}&#8220;]</p>
<h2>Unser Team &#8211; Unsere Werte</h2>
<p>Zusammen mit unseren Kinder- und Jugendleichtathletikgruppen organisieren wir regelmäßig Teamtage. Dank der Unterstützung durch Vertrauenscoach Michael Jung und den Landessportbund RLP konnte sich unser Nachwuchs dieses Jahr mit den eigenen Werten und den Werten fürs Team auseinandersetzen. Gleichzeitig haben sich unsere Nachwuchstrainer/innen über Werte und Vielfalt in der Leichtathletik ausgetauscht.[/vc_column_text][/vc_column][vc_column width=&#8220;1/2&#8243;][vc_single_image image=&#8220;5482&#8243; img_size=&#8220;800&#215;400&#8243; style=&#8220;vc_box_shadow_3d&#8220;][/vc_column][/vc_row][vc_row][vc_column][vc_empty_space][/vc_column][/vc_row][vc_row][vc_column width=&#8220;1/2&#8243; offset=&#8220;vc_hidden-lg vc_hidden-md vc_hidden-sm vc_hidden-xs&#8220;][vc_column_text css=&#8220;.vc_custom_1725181535286{margin-top: -20px !important;}&#8220;]</p>
<h2>Anti-Doping Workshop</h2>
<p>[/vc_column_text][vc_column_text css=&#8220;.vc_custom_1704627235693{margin-top: -20px !important;}&#8220;][/vc_column_text][/vc_column][vc_column width=&#8220;1/2&#8243; offset=&#8220;vc_hidden-lg vc_hidden-md vc_hidden-sm vc_hidden-xs&#8220;][vc_single_image img_size=&#8220;1600&#215;900&#8243; style=&#8220;vc_box_shadow_3d&#8220;][/vc_column][/vc_row][vc_row][vc_column width=&#8220;1/2&#8243;][vc_column_text css=&#8220;.vc_custom_1725656379581{margin-top: -20px !important;}&#8220;]</p>
<h2>Wettkampfbesuche</h2>
<p>[/vc_column_text][vc_column_text css=&#8220;.vc_custom_1725656641790{margin-top: -20px !important;}&#8220;]Seit 2 Jahren organisieren wir einmal im Jahr einen sportlichen Ausflug für alle interessierten Kinder, Jugendlichen, Eltern und Trainer/innen. 2023 waren wir im Auestadion in Kassel bei den Deutschen Meisterschaften mit mehr als 60 Teilnehmer/innen dabei, um die Stars von Deutschland und unserem Verein anzufeuern! 2024 waren wir beim 59. Pfingstsportfest in Rehlingen zu Besuch und konnten viele Europameister, Weltmeister und Olympiasieger hautnah miterleben. Im Rahmenprogramm durften sogar unsere U12 und U14 Gruppen Staffel laufen![/vc_column_text][/vc_column][vc_column width=&#8220;1/2&#8243;][vc_single_image image=&#8220;6171&#8243; img_size=&#8220;1600&#215;900&#8243; style=&#8220;vc_box_shadow_3d&#8220; css=&#8220;&#8220;][/vc_column][/vc_row][vc_row][vc_column][vc_empty_space][/vc_column][/vc_row][vc_row][vc_column width=&#8220;1/2&#8243;][vc_column_text css=&#8220;.vc_custom_1725656690758{margin-top: -20px !important;}&#8220;]</p>
<h2>Leichtathletikfreizeit U14/U16</h2>
<p>[/vc_column_text][vc_column_text css=&#8220;.vc_custom_1725656737274{margin-top: -20px !important;}&#8220;]Unser U14- und U16-Team verbringt seit einigen Jahren mehrere Tage an der Hermann Neuberger Sportschule in Saarbrücken. Sport, Bewegung, Teambuilding und jede Menge Spaß stehen hier im Vordergrund.[/vc_column_text][/vc_column][vc_column width=&#8220;1/2&#8243;][vc_single_image image=&#8220;6678&#8243; img_size=&#8220;full&#8220; style=&#8220;vc_box_shadow_3d&#8220; css=&#8220;&#8220;][/vc_column][/vc_row][vc_row][vc_column][vc_empty_space][/vc_column][/vc_row][vc_row][vc_column width=&#8220;1/2&#8243;][vc_column_text css=&#8220;.vc_custom_1725197618565{margin-top: -20px !important;}&#8220;]</p>
<h2>Leichtathletikcamps</h2>
<p>[/vc_column_text][vc_column_text css=&#8220;.vc_custom_1725656783641{margin-top: -20px !important;}&#8220;]Laufen, Springen, Werfen und vieles mehr! Mache dich bereit für eine Woche voller Herausforderungen und Spaß in unseren <a href="https://tsvschott.de/leichtathletik/leichtathletikcamp/">Leichtathletikcamps</a>![/vc_column_text][/vc_column][vc_column width=&#8220;1/2&#8243;][vc_single_image image=&#8220;6018&#8243; img_size=&#8220;800&#215;400&#8243; style=&#8220;vc_box_shadow_3d&#8220; css=&#8220;&#8220;][/vc_column][/vc_row][vc_row][vc_column][vc_empty_space height=&#8220;80px&#8220;][vc_text_separator title=&#8220;Weitere Informationen&#8220; css=&#8220;&#8220;][/vc_column][/vc_row][vc_row][vc_column width=&#8220;1/3&#8243;][vc_btn title=&#8220;Probetraining&#8220; style=&#8220;classic&#8220; color=&#8220;primary&#8220; size=&#8220;lg&#8220; align=&#8220;center&#8220; i_icon_fontawesome=&#8220;far fa-envelope&#8220; button_block=&#8220;true&#8220; add_icon=&#8220;true&#8220; link=&#8220;url:https%3A%2F%2Ftsvschott.de%2Fleichtathletik%2Fprobetraining%2F|title:Probetraining&#8220;][/vc_column][vc_column width=&#8220;1/3&#8243;][vc_btn title=&#8220;Trainingszeiten&#8220; style=&#8220;classic&#8220; color=&#8220;primary&#8220; size=&#8220;lg&#8220; align=&#8220;center&#8220; i_icon_fontawesome=&#8220;far fa-clock&#8220; button_block=&#8220;true&#8220; add_icon=&#8220;true&#8220; link=&#8220;url:https%3A%2F%2Ftsvschott.de%2Fleichtathletik%2Fhome%2Ftrainingszeiten%2F|title:Trainingszeiten&#8220;][/vc_column][vc_column width=&#8220;1/3&#8243;][vc_btn title=&#8220;Trainerteam&#8220; style=&#8220;classic&#8220; color=&#8220;primary&#8220; size=&#8220;lg&#8220; align=&#8220;center&#8220; i_icon_fontawesome=&#8220;fas fa-running&#8220; button_block=&#8220;true&#8220; add_icon=&#8220;true&#8220; link=&#8220;url:https%3A%2F%2Ftsvschott.de%2Fleichtathletik%2Ftrainerteam%2F|title:Trainerteam&#8220;][/vc_column][/vc_row]</p>
</div>

<p>[vc_row][vc_column][vc_cta h2=&#8220;Das Konzept für unsere Nachwuchsarbeit&#8220; css=&#8220;&#8220;]Wir als Leichtathletikabteilung des TSV SCHOTT Mainz bieten ein zeit- und altersgemäßes Training für jede Altersgruppe an. Jede Trainingsgruppe hat dabei ihre ganz eigenen Ziele:[/vc_cta][vc_single_image image=&#8220;6173&#8243; img_size=&#8220;960&#215;540&#8243; alignment=&#8220;center&#8220; onclick=&#8220;img_link_large&#8220; img_link_target=&#8220;_blank&#8220; css=&#8220;&#8220;][vc_cta h2=&#8220;&#8220; css=&#8220;&#8220;]Das Training soll dazu beitragen die Kinder und Jugendlichen sportlich, sozial und gesundheitlich zu fördern und ihnen [&hellip;]</p>
