{"id":5187,"date":"2023-08-13T22:11:58","date_gmt":"2023-08-13T20:11:58","guid":{"rendered":"https:\/\/tsvschott.de\/leichtathletik\/?page_id=5187"},"modified":"2024-09-06T23:41:21","modified_gmt":"2024-09-06T21:41:21","slug":"mitgliedschaft","status":"publish","type":"page","link":"https:\/\/tsvschott.de\/leichtathletik\/mitgliedschaft\/","title":{"rendered":"Mitgliedschaft"},"content":{"rendered":"<div class=\"wpb-content-wrapper\"><p>[vc_row][vc_column][vc_column_text css=&#8220;&#8220;]Du warst bei uns im <a href=\"https:\/\/tsvschott.de\/leichtathletik\/probetraining\/\" target=\"_blank\" rel=\"noopener\">Probetraining<\/a> und m\u00f6chtest Mitglied in der Leichtathletikabteilung werden? Dann bist du hier genau richtig!<\/p>\n<h2><\/h2>\n<p>&nbsp;<\/p>\n<h2>Mitgliedsantrag<\/h2>\n<p>Zur Teilnahme an unserem Sportangebot ist eine Mitgliedschaft im Gesamtverein und der Leichtathletikabteilung notwendig. Hierzu f\u00fcllst du bitte den aktuellen <a href=\"https:\/\/tsvschott.de\/mitgliedwerden\/\" target=\"_blank\" rel=\"noopener\">Aufnahmeantrag des Gesamtvereins<\/a> aus (bei Zugeh\u00f6rigkeit Leichtathletik ankreuzen) und gibst diesen deinem Trainerteam im Training ab.<\/p>\n<h2><\/h2>\n<p>&nbsp;<\/p>\n<h2>Startpassantrag<\/h2>\n<p>Leichtathletik ist eine Wettkampfsportart, dementsprechend f\u00fchren wir bereits unsere j\u00fcngsten Sportler\/innen spielerisch an die Disziplinen der Leichtathletik heran. Alle Sportler\/innen ab der U12 m\u00fcssen dazu einen <a href=\"https:\/\/tsvschott.de\/leichtathletik\/wp-content\/uploads\/sites\/17\/2024\/01\/DLV-LVRh-Startpass.pdf\" target=\"_blank\" rel=\"noopener\">Startpass<\/a> ausf\u00fcllen, welcher f\u00fcr die Teilnahme an Wettk\u00e4mpfen ben\u00f6tigt wird. Diesen gibst du zusammen mit dem Mitgliedsantrag deinem Trainerteam im Training ab.<\/p>\n<p>&nbsp;<\/p>\n<h2>Vereinskleidung<\/h2>\n<p>Als ambitionierte Abteilung geh\u00f6rt f\u00fcr uns ein einheitliches Auftreten zum Wir-Gef\u00fchl und zur positiven Au\u00dfendarstellung dazu. Mit der Sportartikelmarke PUMA haben wir einen Partner gefunden, der uns ansprechende Sportkleidung zu finanziell g\u00fcnstigen Konditionen anbietet. Auf unserer <a href=\"https:\/\/tsvschott.de\/leichtathletik\/puma\/\" target=\"_blank\" rel=\"noopener\">PUMA Seite <\/a>findest du die aktuelle Kollektion des TSV SCHOTT Mainz.[\/vc_column_text][\/vc_column][\/vc_row][vc_row][vc_column][vc_empty_space height=&#8220;60px&#8220;][vc_text_separator title=&#8220;Formulare und Links&#8220;][\/vc_column][\/vc_row][vc_row][vc_column width=&#8220;1\/3&#8243;][vc_btn title=&#8220;Aufnahmeantrag&#8220; style=&#8220;classic&#8220; color=&#8220;primary&#8220; size=&#8220;lg&#8220; align=&#8220;center&#8220; i_icon_fontawesome=&#8220;far fa-file-alt&#8220; button_block=&#8220;true&#8220; add_icon=&#8220;true&#8220; link=&#8220;url:https%3A%2F%2Ftsvschott.de%2Fmitgliedwerden%2F|title:Aufnahmeantrag|target:_blank&#8220;][\/vc_column][vc_column width=&#8220;1\/3&#8243;][vc_btn title=&#8220;Startpass&#8220; style=&#8220;classic&#8220; color=&#8220;primary&#8220; size=&#8220;lg&#8220; align=&#8220;center&#8220; i_icon_fontawesome=&#8220;far fa-file-alt&#8220; button_block=&#8220;true&#8220; add_icon=&#8220;true&#8220; link=&#8220;url:https%3A%2F%2Ftsvschott.de%2Fleichtathletik%2Fwp-content%2Fuploads%2Fsites%2F17%2F2024%2F01%2FDLV-LVRh-Startpass.pdf|title:Startspass|target:_blank&#8220;][\/vc_column][vc_column width=&#8220;1\/3&#8243;][vc_btn title=&#8220;PUMA&#8220; style=&#8220;classic&#8220; color=&#8220;primary&#8220; size=&#8220;lg&#8220; align=&#8220;center&#8220; i_icon_fontawesome=&#8220;fas fa-tshirt&#8220; button_block=&#8220;true&#8220; add_icon=&#8220;true&#8220; link=&#8220;url:https%3A%2F%2Ftsvschott.de%2Fleichtathletik%2Fpuma%2F|title:PUMA&#8220;][\/vc_column][\/vc_row][vc_row][vc_column][\/vc_column][\/vc_row]<\/p>\n<\/div>","protected":false},"excerpt":{"rendered":"<p>[vc_row][vc_column][vc_column_text css=&#8220;&#8220;]Du warst bei uns im Probetraining und m\u00f6chtest Mitglied in der Leichtathletikabteilung werden? Dann bist du hier genau richtig! &nbsp; Mitgliedsantrag Zur Teilnahme an unserem Sportangebot ist eine Mitgliedschaft im Gesamtverein und der Leichtathletikabteilung notwendig. Hierzu f\u00fcllst du bitte den aktuellen Aufnahmeantrag des Gesamtvereins aus (bei Zugeh\u00f6rigkeit Leichtathletik ankreuzen) und gibst diesen deinem Trainerteam [&hellip;]<\/p>\n","protected":false},"author":57,"featured_media":0,"parent":0,"menu_order":54,"comment_status":"closed","ping_status":"closed","template":"","meta":{"footnotes":""},"class_list":["post-5187","page","type-page","status-publish","hentry"],"_links":{"self":[{"href":"https:\/\/tsvschott.de\/leichtathletik\/wp-json\/wp\/v2\/pages\/5187","targetHints":{"allow":["GET"]}}],"collection":[{"href":"https:\/\/tsvschott.de\/leichtathletik\/wp-json\/wp\/v2\/pages"}],"about":[{"href":"https:\/\/tsvschott.de\/leichtathletik\/wp-json\/wp\/v2\/types\/page"}],"author":[{"embeddable":true,"href":"https:\/\/tsvschott.de\/leichtathletik\/wp-json\/wp\/v2\/users\/57"}],"replies":[{"embeddable":true,"href":"https:\/\/tsvschott.de\/leichtathletik\/wp-json\/wp\/v2\/comments?post=5187"}],"version-history":[{"count":17,"href":"https:\/\/tsvschott.de\/leichtathletik\/wp-json\/wp\/v2\/pages\/5187\/revisions"}],"predecessor-version":[{"id":6212,"href":"https:\/\/tsvschott.de\/leichtathletik\/wp-json\/wp\/v2\/pages\/5187\/revisions\/6212"}],"wp:attachment":[{"href":"https:\/\/tsvschott.de\/leichtathletik\/wp-json\/wp\/v2\/media?parent=5187"}],"curies":[{"name":"wp","href":"https:\/\/api.w.org\/{rel}","templated":true}]}}