{"id":3046,"date":"2016-02-11T12:46:25","date_gmt":"2016-02-11T11:46:25","guid":{"rendered":"http:\/\/tsvschott.de\/tanzen\/?page_id=3046"},"modified":"2025-09-25T09:00:33","modified_gmt":"2025-09-25T07:00:33","slug":"youngsters","status":"publish","type":"page","link":"https:\/\/tsvschott.de\/tanzen\/youngsters\/","title":{"rendered":"Youngsters"},"content":{"rendered":"<div class=\"wpb-content-wrapper\"><p>[vc_row][vc_column width=&#8220;2\/3&#8243;][vc_column_text css=&#8220;&#8220;]<\/p>\n<h2><strong>Jugend Aufbaugruppe &#8222;Youngsters&#8220;<\/strong><\/h2>\n<p>Wir sind die \u201e<strong>Youngsters<\/strong>\u201c Im Alter zwischen 11 und 16 Jahren.<\/p>\n<p>Als Teil der Aufbaugruppe kannst du hier sanft die Grundlagen erlernen, an deinem Rhythmusgef\u00fchl arbeiten und deine Koordination verbessern. Wir erlernen kleinere Choreos und treten auch das ein oder andere Mal in Mainz und Umgebung auf.<\/p>\n<p>In dieser Gruppe kannst du dich frei in deinem Tempo entwickeln. Bei Interesse und entsprechender Entwicklung der t\u00e4nzerischen F\u00e4higkeiten, ist ein Wechsel in die Turniergruppe m\u00f6glich.<\/p>\n<p>Nach einer E-Mail zur Anmeldung kann ein Probetraining vereinbart werden.[\/vc_column_text][vc_message]Ein Wechsel in die n\u00e4chsth\u00f6here Gruppe erfolgt durch die Trainerinnen nach Alter, aber auch nach jeweiligem Entwicklungs- und Leistungsstand der Kinder\/Jugendlichen![\/vc_message][vc_separator][vc_tabs interval=&#8220;0&#8243;][vc_tab title=&#8220;Trainingszeiten&#8220; tab_id=&#8220;1439899125423-6-9&#8243;][vc_column_text]<\/p>\n<h3><strong>Youngsters<\/strong><\/h3>\n<p>Mittwoch, 17:00 &#8211; 18:00 Uhr, Gymnastikraum &#8211; <span class=\"widget-pane-section-info-text\">Otto-Schott-Gymnasium &#8211; An Schneiders M\u00fchle 1, 55122 Mainz<br \/>\n<\/span>[\/vc_column_text][\/vc_tab][\/vc_tabs][vc_single_image image=&#8220;3457&#8243; img_size=&#8220;full&#8220; onclick=&#8220;custom_link&#8220; img_link_target=&#8220;_blank&#8220; link=&#8220;https:\/\/www.openstreetmap.org\/?mlat=50.0044&amp;mlon=8.2315#map=16\/50.0044\/8.2315&#8243;][\/vc_column][vc_column width=&#8220;1\/3&#8243;][vc_wp_text el_class=&#8220;start&#8220;]<\/p>\n<h3>Trainer<\/h3>\n<hr \/>\n<p><strong>Lara Mrse<\/strong><\/p>\n<p>E-mail: \u200e<a href=\"mailto:fusion.tsvschott@gmail.com\">fusion.tsvschott@gmail.com<\/a>[\/vc_wp_text][vc_gallery type=&#8220;nivo&#8220; interval=&#8220;10&#8243; images=&#8220;3277,3278,3279&#8243; img_size=&#8220;medium&#8220; title=&#8220;Bilder&#8220;][\/vc_column][\/vc_row][vc_row][vc_column][vc_empty_space][\/vc_column][\/vc_row][vc_row][vc_column][vc_text_separator title=&#8220;News&#8220;][\/vc_column][\/vc_row][vc_row][vc_column][vc_masonry_grid post_type=&#8220;post&#8220; max_items=&#8220;4&#8243; element_width=&#8220;3&#8243; item=&#8220;2424&#8243; grid_id=&#8220;vc_gid:1758783582506-b0007f4e-4a18-0&#8243;][\/vc_column][\/vc_row]<\/p>\n<\/div>","protected":false},"excerpt":{"rendered":"<p>[vc_row][vc_column width=&#8220;2\/3&#8243;][vc_column_text css=&#8220;&#8220;] Jugend Aufbaugruppe &#8222;Youngsters&#8220; Wir sind die \u201eYoungsters\u201c Im Alter zwischen 11 und 16 Jahren. Als Teil der Aufbaugruppe kannst du hier sanft die Grundlagen erlernen, an deinem Rhythmusgef\u00fchl arbeiten und deine Koordination verbessern. Wir erlernen kleinere Choreos und treten auch das ein oder andere Mal in Mainz und Umgebung auf. In dieser [&hellip;]<\/p>\n","protected":false},"author":24,"featured_media":0,"parent":0,"menu_order":7,"comment_status":"closed","ping_status":"closed","template":"","meta":{"footnotes":""},"class_list":["post-3046","page","type-page","status-publish","hentry"],"_links":{"self":[{"href":"https:\/\/tsvschott.de\/tanzen\/wp-json\/wp\/v2\/pages\/3046","targetHints":{"allow":["GET"]}}],"collection":[{"href":"https:\/\/tsvschott.de\/tanzen\/wp-json\/wp\/v2\/pages"}],"about":[{"href":"https:\/\/tsvschott.de\/tanzen\/wp-json\/wp\/v2\/types\/page"}],"author":[{"embeddable":true,"href":"https:\/\/tsvschott.de\/tanzen\/wp-json\/wp\/v2\/users\/24"}],"replies":[{"embeddable":true,"href":"https:\/\/tsvschott.de\/tanzen\/wp-json\/wp\/v2\/comments?post=3046"}],"version-history":[{"count":31,"href":"https:\/\/tsvschott.de\/tanzen\/wp-json\/wp\/v2\/pages\/3046\/revisions"}],"predecessor-version":[{"id":3637,"href":"https:\/\/tsvschott.de\/tanzen\/wp-json\/wp\/v2\/pages\/3046\/revisions\/3637"}],"wp:attachment":[{"href":"https:\/\/tsvschott.de\/tanzen\/wp-json\/wp\/v2\/media?parent=3046"}],"curies":[{"name":"wp","href":"https:\/\/api.w.org\/{rel}","templated":true}]}}