{"id":3729,"date":"2020-03-06T18:24:48","date_gmt":"2020-03-06T17:24:48","guid":{"rendered":"https:\/\/tsvschott.de\/tennis\/?page_id=3729"},"modified":"2026-01-19T13:57:34","modified_gmt":"2026-01-19T12:57:34","slug":"anmeldung-tenniscamps","status":"publish","type":"page","link":"https:\/\/tsvschott.de\/tennis\/anmeldung-tenniscamps\/","title":{"rendered":"Anmeldung Tenniscamps 2026"},"content":{"rendered":"<div class=\"wpb-content-wrapper\"><p>[vc_row][vc_column width=&#8220;2\/3&#8243;][vc_text_separator title=&#8220;Camp-Informationen&#8220; title_align=&#8220;separator_align_left&#8220; css=&#8220;&#8220;][vc_column_text css=&#8220;&#8220;]<\/p>\n<p style=\"text-align: left;\"><strong>Camp I: 29.06.2026 \u2013 03.07.2026<\/strong><\/p>\n<p style=\"text-align: left;\"><strong>Camp II: 27.07.2026 \u2013 31.07.2026<\/strong><\/p>\n<p>[\/vc_column_text][vc_column_text css=&#8220;&#8220;]Unsere Jugendcamps richten sich an alle Alters- und Spielklassen!<\/p>\n<p>Die Camptage starten Montag bis Donnerstag um 10:00 Uhr und enden um 16:00 Uhr. \u00a0Am Freitag startet das Camp bereits um 9:00 Uhr und endet nach dem Abschlussturnier mit Siegerehrung gegen 14:00 Uhr.<\/p>\n<p>Trainingsschwerpunkte sind neben Technik und Taktik im Einzel und Doppel t\u00e4gliches Koordinations- und Konditionstraining, Ballschule f\u00fcr die J\u00fcngsten sowie erg\u00e4nzende Ausgleichssportarten.<\/p>\n<p>Die Geb\u00fchr betr\u00e4gt <strong>\u20ac 185,-<\/strong> f\u00fcr Mitglieder der Tennisabteilung bzw. <strong>\u20ac 209,-<\/strong> f\u00fcr Nichtmitglieder der Tennisabteilung. Die Mitgliedschaft im Hauptverein ist <strong>nicht<\/strong> ausreichend f\u00fcr eine Verg\u00fcnstigung. Die Preise verstehen sich inklusive Mittagessen, Snacks und Getr\u00e4nke.<\/p>\n<p>Es sind nur begrenzt Pl\u00e4tze verf\u00fcgbar! Zur Teilnahme an den Camps werden Mitglieder der Tennisabteilung des TSV SCHOTT bevorzugt. Kinder der Jahrg\u00e4nge 2019 und \u00e4lter m\u00fcssen \u00fcber Tennisvorerfahrung (regelm\u00e4\u00dfiges Training) in einem Tennisverein verf\u00fcgen, um an den Camps teilnehmen zu k\u00f6nnen.<\/p>\n<p>Verbindliche schriftliche Anmeldung ausschlie\u00dflich \u00fcber das nachfolgende Onlineformular!<\/p>\n<p>Bitte unbedingt beachten:<\/p>\n<p>Die Best\u00e4tigung des Anmeldungseingangs stellt noch keine verbindliche Zusage dar, da wir bezogen auf die Gruppenkonstellation Planungszeit ben\u00f6tigen! (Siehe auch Hinweis im Anmeldeformular). Eine finale Teilnahmebest\u00e4tigung erfolgt sp\u00e4testens bis zum <strong>28. Februar<\/strong> per pers\u00f6nlicher E-Mail. Anmeldungen nach dem 28. Februar werden individuell und schnellstm\u00f6glich beantwortet.<\/p>\n<p>R\u00fcckfragen an: <a href=\"mailto:tennis.jugend.schott@web.de\">tennis.jugend.schott@web.de<\/a>[\/vc_column_text][\/vc_column][vc_column width=&#8220;1\/3&#8243;][vc_empty_space][vc_gallery interval=&#8220;3&#8243; images=&#8220;5756,5751,5752,5755,5754&#8243; img_size=&#8220;medium&#8220; onclick=&#8220;&#8220; css=&#8220;&#8220;][\/vc_column][\/vc_row][vc_row][vc_column][vc_text_separator title=&#8220;Anmeldeformular&#8220; i_icon_fontawesome=&#8220;fas fa-pencil-alt&#8220; i_color=&#8220;custom&#8220; i_size=&#8220;sm&#8220; title_align=&#8220;separator_align_left&#8220; css=&#8220;&#8220; add_icon=&#8220;true&#8220; i_custom_color=&#8220;#1E73BE&#8220;]\n<div class=\"wpcf7 no-js\" id=\"wpcf7-f3674-o1\" lang=\"de-DE\" dir=\"ltr\" data-wpcf7-id=\"3674\">\n<div class=\"screen-reader-response\"><p role=\"status\" aria-live=\"polite\" aria-atomic=\"true\"><\/p> <ul><\/ul><\/div>\n<form action=\"\/tennis\/wp-json\/wp\/v2\/pages\/3729#wpcf7-f3674-o1\" method=\"post\" class=\"wpcf7-form init\" aria-label=\"Kontaktformular\" novalidate=\"novalidate\" data-status=\"init\">\n<fieldset class=\"hidden-fields-container\"><input type=\"hidden\" name=\"_wpcf7\" value=\"3674\" \/><input type=\"hidden\" name=\"_wpcf7_version\" value=\"6.1.5\" \/><input type=\"hidden\" name=\"_wpcf7_locale\" value=\"de_DE\" \/><input type=\"hidden\" name=\"_wpcf7_unit_tag\" value=\"wpcf7-f3674-o1\" \/><input type=\"hidden\" name=\"_wpcf7_container_post\" value=\"0\" \/><input type=\"hidden\" name=\"_wpcf7_posted_data_hash\" value=\"\" \/>\n<\/fieldset>\n<p class=\"long\"><span class=\"formtext\">Campauswahl:*<br \/>\n<\/span><span class=\"wpcf7-form-control-wrap\" data-name=\"Camp\"><span class=\"wpcf7-form-control wpcf7-radio\"><span class=\"wpcf7-list-item first\"><label><input type=\"radio\" name=\"Camp\" value=\"Tennissommercamp I (29.06.2026 - 03.07.2026)\" \/><span class=\"wpcf7-list-item-label\">Tennissommercamp I (29.06.2026 - 03.07.2026)<\/span><\/label><\/span><span class=\"wpcf7-list-item last\"><label><input type=\"radio\" name=\"Camp\" value=\"Tennissommercamp II (27.07.2026 - 31.07.2026)\" \/><span class=\"wpcf7-list-item-label\">Tennissommercamp II (27.07.2026 - 31.07.2026)<\/span><\/label><\/span><\/span><\/span>\n<\/p>\n<p class=\"left\"><span class=\"wpcf7-form-control-wrap\" data-name=\"Vorname\"><input size=\"40\" maxlength=\"400\" class=\"wpcf7-form-control wpcf7-text wpcf7-validates-as-required\" aria-required=\"true\" aria-invalid=\"false\" placeholder=\"Vorname des Kindes*\" value=\"\" type=\"text\" name=\"Vorname\" \/><\/span>\n<\/p>\n<p class=\"right\"><span class=\"wpcf7-form-control-wrap\" data-name=\"Nachname\"><input size=\"40\" maxlength=\"400\" class=\"wpcf7-form-control wpcf7-text wpcf7-validates-as-required\" aria-required=\"true\" aria-invalid=\"false\" placeholder=\"Nachname des Kindes*\" value=\"\" type=\"text\" name=\"Nachname\" \/><\/span>\n<\/p>\n<p><span class=\"formtext\">Geburtsdatum:<br \/>\n<\/span><span class=\"wpcf7-form-control-wrap\" data-name=\"Geburtsdatum\"><input size=\"40\" maxlength=\"400\" class=\"wpcf7-form-control wpcf7-text wpcf7-validates-as-required\" aria-required=\"true\" aria-invalid=\"false\" placeholder=\"TT.MM.JJJJ*\" value=\"\" type=\"text\" name=\"Geburtsdatum\" \/><\/span>\n<\/p>\n<p class=\"long\"><span class=\"wpcf7-form-control-wrap\" data-name=\"Strasse\"><input size=\"40\" maxlength=\"400\" class=\"wpcf7-form-control wpcf7-text wpcf7-validates-as-required\" aria-required=\"true\" aria-invalid=\"false\" placeholder=\"Stra\u00dfe &amp; Hausnummer*\" value=\"\" type=\"text\" name=\"Strasse\" \/><\/span>\n<\/p>\n<p class=\"left\"><span class=\"wpcf7-form-control-wrap\" data-name=\"PLZ\"><input size=\"40\" maxlength=\"400\" class=\"wpcf7-form-control wpcf7-text wpcf7-validates-as-required\" aria-required=\"true\" aria-invalid=\"false\" placeholder=\"PLZ*\" value=\"\" type=\"text\" name=\"PLZ\" \/><\/span>\n<\/p>\n<p class=\"right\"><span class=\"wpcf7-form-control-wrap\" data-name=\"Ort\"><input size=\"40\" maxlength=\"400\" class=\"wpcf7-form-control wpcf7-text wpcf7-validates-as-required\" aria-required=\"true\" aria-invalid=\"false\" placeholder=\"Ort*\" value=\"\" type=\"text\" name=\"Ort\" \/><\/span>\n<\/p>\n<p class=\"left\"><span class=\"wpcf7-form-control-wrap\" data-name=\"Telefon\"><input size=\"40\" maxlength=\"400\" class=\"wpcf7-form-control wpcf7-text\" aria-invalid=\"false\" placeholder=\"Telefon\" value=\"\" type=\"text\" name=\"Telefon\" \/><\/span>\n<\/p>\n<p class=\"right\"><span class=\"wpcf7-form-control-wrap\" data-name=\"Mobil\"><input size=\"40\" maxlength=\"400\" class=\"wpcf7-form-control wpcf7-text wpcf7-validates-as-required\" aria-required=\"true\" aria-invalid=\"false\" placeholder=\"Mobiltelefon*\" value=\"\" type=\"text\" name=\"Mobil\" \/><\/span>\n<\/p>\n<p class=\"long\"><span class=\"wpcf7-form-control-wrap\" data-name=\"E-Mail\"><input size=\"40\" maxlength=\"400\" class=\"wpcf7-form-control wpcf7-email wpcf7-validates-as-required wpcf7-text wpcf7-validates-as-email\" aria-required=\"true\" aria-invalid=\"false\" placeholder=\"E-Mail*\" value=\"\" type=\"email\" name=\"E-Mail\" \/><\/span>\n<\/p>\n<p class=\"long\"><span class=\"formtext\">Mitglied der Tennisabteilung:*<br \/>\n<\/span><span class=\"wpcf7-form-control-wrap\" data-name=\"Mitglied\"><span class=\"wpcf7-form-control wpcf7-radio\"><span class=\"wpcf7-list-item first\"><input type=\"radio\" name=\"Mitglied\" value=\"Ja\" \/><span class=\"wpcf7-list-item-label\">Ja<\/span><\/span><span class=\"wpcf7-list-item last\"><input type=\"radio\" name=\"Mitglied\" value=\"Nein\" \/><span class=\"wpcf7-list-item-label\">Nein<\/span><\/span><\/span><\/span>\n<\/p>\n<p class=\"long\"><span class=\"formtext\">Konfektionsgr\u00f6\u00dfe:*<br \/>\n<\/span><span class=\"wpcf7-form-control-wrap\" data-name=\"Konfektion\"><span class=\"wpcf7-form-control wpcf7-radio\"><span class=\"wpcf7-list-item first\"><input type=\"radio\" name=\"Konfektion\" value=\"XS (122-128)\" \/><span class=\"wpcf7-list-item-label\">XS (122-128)<\/span><\/span><span class=\"wpcf7-list-item\"><input type=\"radio\" name=\"Konfektion\" value=\"S (128-137)\" \/><span class=\"wpcf7-list-item-label\">S (128-137)<\/span><\/span><span class=\"wpcf7-list-item\"><input type=\"radio\" name=\"Konfektion\" value=\"M (137-147)\" \/><span class=\"wpcf7-list-item-label\">M (137-147)<\/span><\/span><span class=\"wpcf7-list-item\"><input type=\"radio\" name=\"Konfektion\" value=\"L (147-158)\" \/><span class=\"wpcf7-list-item-label\">L (147-158)<\/span><\/span><span class=\"wpcf7-list-item\"><input type=\"radio\" name=\"Konfektion\" value=\"XL (158-170)\" \/><span class=\"wpcf7-list-item-label\">XL (158-170)<\/span><\/span><span class=\"wpcf7-list-item\"><input type=\"radio\" name=\"Konfektion\" value=\"S (Erwachsen)\" \/><span class=\"wpcf7-list-item-label\">S (Erwachsen)<\/span><\/span><span class=\"wpcf7-list-item\"><input type=\"radio\" name=\"Konfektion\" value=\"M (Erwachsen)\" \/><span class=\"wpcf7-list-item-label\">M (Erwachsen)<\/span><\/span><span class=\"wpcf7-list-item last\"><input type=\"radio\" name=\"Konfektion\" value=\"L (Erwachsen)\" \/><span class=\"wpcf7-list-item-label\">L (Erwachsen)<\/span><\/span><\/span><\/span>\n<\/p>\n<p class=\"long\"><span class=\"formtext\">Abholung:*<br \/>\n<\/span><span class=\"wpcf7-form-control-wrap\" data-name=\"Abholung\"><span class=\"wpcf7-form-control wpcf7-radio\"><span class=\"wpcf7-list-item first\"><input type=\"radio\" name=\"Abholung\" value=\"Mein Kind darf alleine nach Hause\" \/><span class=\"wpcf7-list-item-label\">Mein Kind darf alleine nach Hause<\/span><\/span><span class=\"wpcf7-list-item last\"><input type=\"radio\" name=\"Abholung\" value=\"Mein Kind wird von mir beim Trainerteam abgeholt\" \/><span class=\"wpcf7-list-item-label\">Mein Kind wird von mir beim Trainerteam abgeholt<\/span><\/span><\/span><\/span>\n<\/p>\n<p class=\"long\"><span class=\"formtext\">Teilnahmebedingungen:*<br \/>\n<\/span><span class=\"wpcf7-form-control-wrap\" data-name=\"Bedingungen\"><span class=\"wpcf7-form-control wpcf7-acceptance\"><span class=\"wpcf7-list-item\"><input type=\"checkbox\" name=\"Bedingungen\" value=\"1\" aria-invalid=\"false\" \/><\/span><\/span><\/span> Bitte akzeptieren Sie die <a href=\"https:\/\/tsvschott.de\/tennis\/wp-content\/uploads\/sites\/21\/2026\/01\/AGBs_Teilnahmebedingungen_Online-Anmeldemaske.pdf\" target=\"_blank\">Teilnahmebedingungen<\/a>.\n<\/p>\n<p><input class=\"wpcf7-form-control wpcf7-submit has-spinner\" type=\"submit\" value=\"Senden\" \/>\n<\/p><div class=\"wpcf7-response-output\" aria-hidden=\"true\"><\/div>\n<\/form>\n<\/div>\n[\/vc_column][\/vc_row]<\/p>\n<\/div>","protected":false},"excerpt":{"rendered":"<p>[vc_row][vc_column width=&#8220;2\/3&#8243;][vc_text_separator title=&#8220;Camp-Informationen&#8220; title_align=&#8220;separator_align_left&#8220; css=&#8220;&#8220;][vc_column_text css=&#8220;&#8220;] Camp I: 29.06.2026 \u2013 03.07.2026 Camp II: 27.07.2026 \u2013 31.07.2026 [\/vc_column_text][vc_column_text css=&#8220;&#8220;]Unsere Jugendcamps richten sich an alle Alters- und Spielklassen! Die Camptage starten Montag bis Donnerstag um 10:00 Uhr und enden um 16:00 Uhr. \u00a0Am Freitag startet das Camp bereits um 9:00 Uhr und endet nach dem Abschlussturnier mit [&hellip;]<\/p>\n","protected":false},"author":18,"featured_media":0,"parent":0,"menu_order":4,"comment_status":"closed","ping_status":"closed","template":"","meta":{"footnotes":""},"class_list":["post-3729","page","type-page","status-publish","hentry"],"yoast_head":"<!-- This site is optimized with the Yoast SEO plugin v27.4 - https:\/\/yoast.com\/product\/yoast-seo-wordpress\/ -->\n<title>Anmeldung Tenniscamps 2026 - Tennis<\/title>\n<meta name=\"robots\" content=\"index, follow, max-snippet:-1, max-image-preview:large, max-video-preview:-1\" \/>\n<link rel=\"canonical\" href=\"https:\/\/tsvschott.de\/tennis\/anmeldung-tenniscamps\/\" \/>\n<meta property=\"og:locale\" content=\"de_DE\" \/>\n<meta property=\"og:type\" content=\"article\" \/>\n<meta property=\"og:title\" content=\"Anmeldung Tenniscamps 2026 - Tennis\" \/>\n<meta property=\"og:description\" content=\"[vc_row][vc_column width=&#8220;2\/3&#8243;][vc_text_separator title=&#8220;Camp-Informationen&#8220; title_align=&#8220;separator_align_left&#8220; css=&#8220;&#8220;][vc_column_text css=&#8220;&#8220;] Camp I: 29.06.2026 \u2013 03.07.2026 Camp II: 27.07.2026 \u2013 31.07.2026 [\/vc_column_text][vc_column_text css=&#8220;&#8220;]Unsere Jugendcamps richten sich an alle Alters- und Spielklassen! Die Camptage starten Montag bis Donnerstag um 10:00 Uhr und enden um 16:00 Uhr. \u00a0Am Freitag startet das Camp bereits um 9:00 Uhr und endet nach dem Abschlussturnier mit [&hellip;]\" \/>\n<meta property=\"og:url\" content=\"https:\/\/tsvschott.de\/tennis\/anmeldung-tenniscamps\/\" \/>\n<meta property=\"og:site_name\" content=\"Tennis\" \/>\n<meta property=\"article:modified_time\" content=\"2026-01-19T12:57:34+00:00\" \/>\n<meta name=\"twitter:card\" content=\"summary_large_image\" \/>\n<meta name=\"twitter:label1\" content=\"Gesch\u00e4tzte Lesezeit\" \/>\n\t<meta name=\"twitter:data1\" content=\"2\u00a0Minuten\" \/>\n<script type=\"application\/ld+json\" class=\"yoast-schema-graph\">{\"@context\":\"https:\\\/\\\/schema.org\",\"@graph\":[{\"@type\":\"WebPage\",\"@id\":\"https:\\\/\\\/tsvschott.de\\\/tennis\\\/anmeldung-tenniscamps\\\/\",\"url\":\"https:\\\/\\\/tsvschott.de\\\/tennis\\\/anmeldung-tenniscamps\\\/\",\"name\":\"Anmeldung Tenniscamps 2026 - Tennis\",\"isPartOf\":{\"@id\":\"https:\\\/\\\/tsvschott.de\\\/tennis\\\/#website\"},\"datePublished\":\"2020-03-06T17:24:48+00:00\",\"dateModified\":\"2026-01-19T12:57:34+00:00\",\"breadcrumb\":{\"@id\":\"https:\\\/\\\/tsvschott.de\\\/tennis\\\/anmeldung-tenniscamps\\\/#breadcrumb\"},\"inLanguage\":\"de\",\"potentialAction\":[{\"@type\":\"ReadAction\",\"target\":[\"https:\\\/\\\/tsvschott.de\\\/tennis\\\/anmeldung-tenniscamps\\\/\"]}]},{\"@type\":\"BreadcrumbList\",\"@id\":\"https:\\\/\\\/tsvschott.de\\\/tennis\\\/anmeldung-tenniscamps\\\/#breadcrumb\",\"itemListElement\":[{\"@type\":\"ListItem\",\"position\":1,\"name\":\"Startseite\",\"item\":\"https:\\\/\\\/tsvschott.de\\\/tennis\\\/\"},{\"@type\":\"ListItem\",\"position\":2,\"name\":\"Anmeldung Tenniscamps 2026\"}]},{\"@type\":\"WebSite\",\"@id\":\"https:\\\/\\\/tsvschott.de\\\/tennis\\\/#website\",\"url\":\"https:\\\/\\\/tsvschott.de\\\/tennis\\\/\",\"name\":\"Tennis\",\"description\":\"TSV SCHOTT Mainz\",\"potentialAction\":[{\"@type\":\"SearchAction\",\"target\":{\"@type\":\"EntryPoint\",\"urlTemplate\":\"https:\\\/\\\/tsvschott.de\\\/tennis\\\/?s={search_term_string}\"},\"query-input\":{\"@type\":\"PropertyValueSpecification\",\"valueRequired\":true,\"valueName\":\"search_term_string\"}}],\"inLanguage\":\"de\"}]}<\/script>\n<!-- \/ Yoast SEO plugin. -->","yoast_head_json":{"title":"Anmeldung Tenniscamps 2026 - Tennis","robots":{"index":"index","follow":"follow","max-snippet":"max-snippet:-1","max-image-preview":"max-image-preview:large","max-video-preview":"max-video-preview:-1"},"canonical":"https:\/\/tsvschott.de\/tennis\/anmeldung-tenniscamps\/","og_locale":"de_DE","og_type":"article","og_title":"Anmeldung Tenniscamps 2026 - Tennis","og_description":"[vc_row][vc_column width=&#8220;2\/3&#8243;][vc_text_separator title=&#8220;Camp-Informationen&#8220; title_align=&#8220;separator_align_left&#8220; css=&#8220;&#8220;][vc_column_text css=&#8220;&#8220;] Camp I: 29.06.2026 \u2013 03.07.2026 Camp II: 27.07.2026 \u2013 31.07.2026 [\/vc_column_text][vc_column_text css=&#8220;&#8220;]Unsere Jugendcamps richten sich an alle Alters- und Spielklassen! Die Camptage starten Montag bis Donnerstag um 10:00 Uhr und enden um 16:00 Uhr. \u00a0Am Freitag startet das Camp bereits um 9:00 Uhr und endet nach dem Abschlussturnier mit [&hellip;]","og_url":"https:\/\/tsvschott.de\/tennis\/anmeldung-tenniscamps\/","og_site_name":"Tennis","article_modified_time":"2026-01-19T12:57:34+00:00","twitter_card":"summary_large_image","twitter_misc":{"Gesch\u00e4tzte Lesezeit":"2\u00a0Minuten"},"schema":{"@context":"https:\/\/schema.org","@graph":[{"@type":"WebPage","@id":"https:\/\/tsvschott.de\/tennis\/anmeldung-tenniscamps\/","url":"https:\/\/tsvschott.de\/tennis\/anmeldung-tenniscamps\/","name":"Anmeldung Tenniscamps 2026 - Tennis","isPartOf":{"@id":"https:\/\/tsvschott.de\/tennis\/#website"},"datePublished":"2020-03-06T17:24:48+00:00","dateModified":"2026-01-19T12:57:34+00:00","breadcrumb":{"@id":"https:\/\/tsvschott.de\/tennis\/anmeldung-tenniscamps\/#breadcrumb"},"inLanguage":"de","potentialAction":[{"@type":"ReadAction","target":["https:\/\/tsvschott.de\/tennis\/anmeldung-tenniscamps\/"]}]},{"@type":"BreadcrumbList","@id":"https:\/\/tsvschott.de\/tennis\/anmeldung-tenniscamps\/#breadcrumb","itemListElement":[{"@type":"ListItem","position":1,"name":"Startseite","item":"https:\/\/tsvschott.de\/tennis\/"},{"@type":"ListItem","position":2,"name":"Anmeldung Tenniscamps 2026"}]},{"@type":"WebSite","@id":"https:\/\/tsvschott.de\/tennis\/#website","url":"https:\/\/tsvschott.de\/tennis\/","name":"Tennis","description":"TSV SCHOTT Mainz","potentialAction":[{"@type":"SearchAction","target":{"@type":"EntryPoint","urlTemplate":"https:\/\/tsvschott.de\/tennis\/?s={search_term_string}"},"query-input":{"@type":"PropertyValueSpecification","valueRequired":true,"valueName":"search_term_string"}}],"inLanguage":"de"}]}},"_links":{"self":[{"href":"https:\/\/tsvschott.de\/tennis\/wp-json\/wp\/v2\/pages\/3729","targetHints":{"allow":["GET"]}}],"collection":[{"href":"https:\/\/tsvschott.de\/tennis\/wp-json\/wp\/v2\/pages"}],"about":[{"href":"https:\/\/tsvschott.de\/tennis\/wp-json\/wp\/v2\/types\/page"}],"author":[{"embeddable":true,"href":"https:\/\/tsvschott.de\/tennis\/wp-json\/wp\/v2\/users\/18"}],"replies":[{"embeddable":true,"href":"https:\/\/tsvschott.de\/tennis\/wp-json\/wp\/v2\/comments?post=3729"}],"version-history":[{"count":69,"href":"https:\/\/tsvschott.de\/tennis\/wp-json\/wp\/v2\/pages\/3729\/revisions"}],"predecessor-version":[{"id":6040,"href":"https:\/\/tsvschott.de\/tennis\/wp-json\/wp\/v2\/pages\/3729\/revisions\/6040"}],"wp:attachment":[{"href":"https:\/\/tsvschott.de\/tennis\/wp-json\/wp\/v2\/media?parent=3729"}],"curies":[{"name":"wp","href":"https:\/\/api.w.org\/{rel}","templated":true}]}}