{"id":5405,"date":"2023-03-21T19:48:56","date_gmt":"2023-03-21T18:48:56","guid":{"rendered":"https:\/\/tsvschott.de\/tennis\/?page_id=5405"},"modified":"2025-10-25T15:15:57","modified_gmt":"2025-10-25T13:15:57","slug":"padelfaq","status":"publish","type":"page","link":"https:\/\/tsvschott.de\/tennis\/padelfaq\/","title":{"rendered":"Padel FAQ"},"content":{"rendered":"<div class=\"wpb-content-wrapper\"><p>[vc_row][vc_column][vc_tta_accordion title_tag=&#8220;h4&#8243; section_title_tag=&#8220;h5&#8243; shape=&#8220;square&#8220; color=&#8220;sky&#8220; gap=&#8220;1&#8243; c_icon=&#8220;chevron&#8220; active_section=&#8220;0&#8243; no_fill=&#8220;true&#8220; collapsible_all=&#8220;true&#8220; title=&#8220;Fragen zur Buchung &amp; Bezahlung&#8220;][vc_tta_section title=&#8220;Wer kann einen Padelplatz buchen?&#8220; tab_id=&#8220;1677864613513-e7fc73f4-2cbb&#8220;][vc_column_text css=&#8220;&#8220;]<\/p>\n<p style=\"font-weight: 400;\">JEDER! Unsere Padelpl\u00e4tze k\u00f6nnen auch von <strong>Nichtmitgliedern\u00a0<\/strong>gebucht werden. Es ist lediglich eine Registrierung im Buchungssystem erforderlich. Eine Buchung ist zur vollen oder halben Stunde und f\u00fcr 60 bis 120 Minuten m\u00f6glich.<\/p>\n<p>[\/vc_column_text][\/vc_tta_section][vc_tta_section title=&#8220;Wie viel kostet eine Buchung?&#8220; tab_id=&#8220;1677864613456-a2564220-3bbb&#8220;][vc_column_text css=&#8220;&#8220;]<strong>Platzgeb\u00fchr\u00a0<\/strong><\/p>\n<p>08:00 &#8211; 12:00 Uhr \u00a0 \u00a0 \u00a0 \u00a0 \u00a0 18\u20ac \/Stunde<\/p>\n<p>12:00 &#8211; 16:00 Uhr \u00a0 \u00a0 \u00a0 \u00a0 \u00a0 \u00a022\u20ac \/Stunde<\/p>\n<p>16:00 &#8211; 21:00 Uhr \u00a0 \u00a0 \u00a0 \u00a0 \u00a0 \u00a026\u20ac \/Stunde[\/vc_column_text][\/vc_tta_section][vc_tta_section title=&#8220;Kann ich Equipment leihen?&#8220; tab_id=&#8220;1677864613484-863e31e7-2ce8&#8243;][vc_column_text css=&#8220;&#8220;]<\/p>\n<p style=\"font-weight: 400;\">Wir verleihen Schl\u00e4ger zu 3 Euro und verkaufen Padelb\u00e4lle f\u00fcr 7 Euro\/3er-Dose.<\/p>\n<p style=\"font-weight: 400;\">Beides kann im Rahmen der Buchung mitgebucht werden. Die Aus- und R\u00fcckgabe erfolgt \u00fcber unseren Verleihschrank.<\/p>\n<p>[\/vc_column_text][\/vc_tta_section][vc_tta_section title=&#8220;Wie kann ich eine Buchung bezahlen?&#8220; tab_id=&#8220;1677864613541-151bf5ed-150e&#8220;][vc_column_text css=&#8220;&#8220;]<\/p>\n<p style=\"font-weight: 400;\">Die Zahlung kann per\u00a0<strong>Stripe (Kreditkarte, Klarna,\u2026)\u00a0<\/strong>oder\u00a0<strong>PayPal\u00a0<\/strong>erfolgen.<\/p>\n<p>[\/vc_column_text][\/vc_tta_section][vc_tta_section title=&#8220;Kann ich meine Buchung stornieren?&#8220; tab_id=&#8220;1677864613570-f89fdbe6-bef0&#8243;][vc_column_text css=&#8220;&#8220;]Eine Stornierung ist bis zu 24 Stunden vor der Spielzeit m\u00f6glich. F\u00fcr bezahlte Buchungen wird der Betrag als Wertguthaben gutgeschrieben. Bitte beachten Sie unsere\u00a0<a href=\"https:\/\/tsvschott-tennis.ebusy.de\/terms-of-use\">Nutzungsbedingungen<\/a>.[\/vc_column_text][\/vc_tta_section][\/vc_tta_accordion][vc_tta_accordion title_tag=&#8220;h4&#8243; section_title_tag=&#8220;h5&#8243; shape=&#8220;square&#8220; color=&#8220;sky&#8220; gap=&#8220;1&#8243; c_icon=&#8220;chevron&#8220; active_section=&#8220;0&#8243; collapsible_all=&#8220;true&#8220; title=&#8220;Fragen zum Spiel&#8220;][vc_tta_section title=&#8220;Mit wie vielen Personen spielt man Padel?&#8220; tab_id=&#8220;1677692321295-82285666-9ea1&#8243;][vc_column_text css=&#8220;&#8220;]Padel spielt man grunds\u00e4tzlich im Doppel, also zu viert. Nat\u00fcrlich kann man auch zum Beispiel zu zweit trainieren oder alleine Rundlauf spielen&#8230;[\/vc_column_text][\/vc_tta_section][vc_tta_section title=&#8220;Wie kann ich das Flutlicht einschalten?&#8220; tab_id=&#8220;1677692321311-f7fd5b5a-e930&#8243;][vc_column_text]Das Flutlicht kann nur noch w\u00e4hrend der Buchungszeit, einschlie\u00dflich 15 Minuten vor und 5 Minuten nach der Buchung, \u00fcber den Taster am Platz eingeschaltet werden.[\/vc_column_text][\/vc_tta_section][vc_tta_section title=&#8220;Welche Spielregeln gibt es?&#8220; tab_id=&#8220;1677865010728-c9593807-62b1&#8243;][vc_column_text]<a href=\"https:\/\/tsvschott.de\/tennis\/wasistpadel\/\">Hier<\/a> findest du alle Spielregeln und hilfreiche Informationen auf einen Blick![\/vc_column_text][\/vc_tta_section][\/vc_tta_accordion][vc_tta_accordion title_tag=&#8220;h4&#8243; section_title_tag=&#8220;h5&#8243; shape=&#8220;square&#8220; color=&#8220;sky&#8220; gap=&#8220;1&#8243; c_icon=&#8220;chevron&#8220; active_section=&#8220;0&#8243; collapsible_all=&#8220;true&#8220; title=&#8220;Fragen zur Anlage&#8220;][vc_tta_section title=&#8220;Wie finde ich zu den Padelpl\u00e4tzen?&#8220; tab_id=&#8220;1761387530118-424b0356-4060&#8243;][vc_column_text css=&#8220;&#8220;]Padelplatz 1 befindet sich bei den Tennispl\u00e4tzen, die Padelpl\u00e4tze 2 &amp; 3 befinden sich zwischen Fu\u00dfballplatz und Tartanbahn. Einen Lageplan findest du <a href=\"https:\/\/tsvschott.de\/tennis\/anfahrt\/\">hier<\/a>.[\/vc_column_text][\/vc_tta_section][vc_tta_section title=&#8220;Wo kann ich parken?&#8220; tab_id=&#8220;1761387530151-38d876d4-9d21&#8243;][vc_column_text css=&#8220;&#8220;]<a href=\"https:\/\/tsvschott.de\/tennis\/anfahrt\/\">Hier<\/a> findest du alle Informationen zur Anfahrt und zu Parkm\u00f6glichkeiten auf unserer Anlage.[\/vc_column_text][\/vc_tta_section][vc_tta_section title=&#8220;Wo befindet sich der Schrank f\u00fcr Leihschl\u00e4ger und B\u00e4lle?&#8220; tab_id=&#8220;1761387530180-2cb87e58-42ee&#8220;][vc_column_text css=&#8220;&#8220;]Der Leihschrank befindet sich hinter Platz 2 neben dem Fu\u00dfballplatz.[\/vc_column_text][vc_media_grid element_width=&#8220;3&#8243; css=&#8220;&#8220; grid_id=&#8220;vc_gid:1761398138053-beeb53dc-7afe-5&#8243; include=&#8220;6025,6024,6023,6022&#8243;][\/vc_tta_section][vc_tta_section title=&#8220;Gibt es Umkleiden oder Toiletten in der N\u00e4he der Padelpl\u00e4tze?&#8220; tab_id=&#8220;1761387761057-18110a40-85ff&#8220;][vc_column_text css=&#8220;&#8220;]In den Sommermonaten (April bis Oktober) stehen Waschr\u00e4ume im Tennis-Hockey-Haus zur Verf\u00fcgung (oberhalb von Padelplatz 1 bei den Tennispl\u00e4tzen).<\/p>\n<p>In den Wintermonaten (November bis M\u00e4rz) befinden sich die Waschr\u00e4ume in der Turnhalle, direkt beim Halleneingang. Aus Sicht der Padelpl\u00e4tze 2 und 3 liegt die Halle oben an der Treppe zwischen der Restaurantterrasse und dem Geb\u00e4ude mit gro\u00dfer Glasfront (Fitnessstudio und ServicePoint), oberhalb der Parkpl\u00e4tze P1 und P2, siehe <a href=\"https:\/\/tsvschott.de\/tennis\/anfahrt\/\">Lageplan<\/a>.[\/vc_column_text][\/vc_tta_section][vc_tta_section title=&#8220;Kann ich mich nach dem Spiel irgendwo aufhalten?&#8220; tab_id=&#8220;1761387759948-b3d08a63-a0f7&#8243;][vc_column_text css=&#8220;&#8220;]Neben dem Sport selbst bieten wir auch eine entspannte und gesellige Atmosph\u00e4re, in der Sie neue Leute treffen und Freundschaften schlie\u00dfen k\u00f6nnen. Die Padelpl\u00e4tze sind Teil der Tennisanlage des TSV SCHOTT Mainz. In unserem <a href=\"https:\/\/tsvschott.de\/restaurant-olympia\/\">Vereinslokal Olympia<\/a> k\u00f6nnen Sie nach dem Spiel etwas trinken oder eine Mahlzeit genie\u00dfen.[\/vc_column_text][\/vc_tta_section][\/vc_tta_accordion][\/vc_column][\/vc_row]<\/p>\n<\/div>","protected":false},"excerpt":{"rendered":"<p>[vc_row][vc_column][vc_tta_accordion title_tag=&#8220;h4&#8243; section_title_tag=&#8220;h5&#8243; shape=&#8220;square&#8220; color=&#8220;sky&#8220; gap=&#8220;1&#8243; c_icon=&#8220;chevron&#8220; active_section=&#8220;0&#8243; no_fill=&#8220;true&#8220; collapsible_all=&#8220;true&#8220; title=&#8220;Fragen zur Buchung &amp; Bezahlung&#8220;][vc_tta_section title=&#8220;Wer kann einen Padelplatz buchen?&#8220; tab_id=&#8220;1677864613513-e7fc73f4-2cbb&#8220;][vc_column_text css=&#8220;&#8220;] JEDER! Unsere Padelpl\u00e4tze k\u00f6nnen auch von Nichtmitgliedern\u00a0gebucht werden. Es ist lediglich eine Registrierung im Buchungssystem erforderlich. Eine Buchung ist zur vollen oder halben Stunde und f\u00fcr 60 bis 120 Minuten m\u00f6glich. [\/vc_column_text][\/vc_tta_section][vc_tta_section title=&#8220;Wie [&hellip;]<\/p>\n","protected":false},"author":18,"featured_media":0,"parent":0,"menu_order":6,"comment_status":"closed","ping_status":"closed","template":"","meta":{"footnotes":""},"class_list":["post-5405","page","type-page","status-publish","hentry"],"yoast_head":"<!-- This site is optimized with the Yoast SEO plugin v27.4 - https:\/\/yoast.com\/product\/yoast-seo-wordpress\/ -->\n<title>Padel FAQ - Tennis<\/title>\n<meta name=\"robots\" content=\"index, follow, max-snippet:-1, max-image-preview:large, max-video-preview:-1\" \/>\n<link rel=\"canonical\" href=\"https:\/\/tsvschott.de\/tennis\/padelfaq\/\" \/>\n<meta property=\"og:locale\" content=\"de_DE\" \/>\n<meta property=\"og:type\" content=\"article\" \/>\n<meta property=\"og:title\" content=\"Padel FAQ - Tennis\" \/>\n<meta property=\"og:description\" content=\"[vc_row][vc_column][vc_tta_accordion title_tag=&#8220;h4&#8243; section_title_tag=&#8220;h5&#8243; shape=&#8220;square&#8220; color=&#8220;sky&#8220; gap=&#8220;1&#8243; c_icon=&#8220;chevron&#8220; active_section=&#8220;0&#8243; no_fill=&#8220;true&#8220; collapsible_all=&#8220;true&#8220; title=&#8220;Fragen zur Buchung &amp; Bezahlung&#8220;][vc_tta_section title=&#8220;Wer kann einen Padelplatz buchen?&#8220; tab_id=&#8220;1677864613513-e7fc73f4-2cbb&#8220;][vc_column_text css=&#8220;&#8220;] JEDER! Unsere Padelpl\u00e4tze k\u00f6nnen auch von Nichtmitgliedern\u00a0gebucht werden. Es ist lediglich eine Registrierung im Buchungssystem erforderlich. Eine Buchung ist zur vollen oder halben Stunde und f\u00fcr 60 bis 120 Minuten m\u00f6glich. [\/vc_column_text][\/vc_tta_section][vc_tta_section title=&#8220;Wie [&hellip;]\" \/>\n<meta property=\"og:url\" content=\"https:\/\/tsvschott.de\/tennis\/padelfaq\/\" \/>\n<meta property=\"og:site_name\" content=\"Tennis\" \/>\n<meta property=\"article:modified_time\" content=\"2025-10-25T13:15:57+00:00\" \/>\n<meta name=\"twitter:card\" content=\"summary_large_image\" \/>\n<meta name=\"twitter:label1\" content=\"Gesch\u00e4tzte Lesezeit\" \/>\n\t<meta name=\"twitter:data1\" content=\"4\u00a0Minuten\" \/>\n<script type=\"application\/ld+json\" class=\"yoast-schema-graph\">{\"@context\":\"https:\\\/\\\/schema.org\",\"@graph\":[{\"@type\":\"WebPage\",\"@id\":\"https:\\\/\\\/tsvschott.de\\\/tennis\\\/padelfaq\\\/\",\"url\":\"https:\\\/\\\/tsvschott.de\\\/tennis\\\/padelfaq\\\/\",\"name\":\"Padel FAQ - Tennis\",\"isPartOf\":{\"@id\":\"https:\\\/\\\/tsvschott.de\\\/tennis\\\/#website\"},\"datePublished\":\"2023-03-21T18:48:56+00:00\",\"dateModified\":\"2025-10-25T13:15:57+00:00\",\"breadcrumb\":{\"@id\":\"https:\\\/\\\/tsvschott.de\\\/tennis\\\/padelfaq\\\/#breadcrumb\"},\"inLanguage\":\"de\",\"potentialAction\":[{\"@type\":\"ReadAction\",\"target\":[\"https:\\\/\\\/tsvschott.de\\\/tennis\\\/padelfaq\\\/\"]}]},{\"@type\":\"BreadcrumbList\",\"@id\":\"https:\\\/\\\/tsvschott.de\\\/tennis\\\/padelfaq\\\/#breadcrumb\",\"itemListElement\":[{\"@type\":\"ListItem\",\"position\":1,\"name\":\"Startseite\",\"item\":\"https:\\\/\\\/tsvschott.de\\\/tennis\\\/\"},{\"@type\":\"ListItem\",\"position\":2,\"name\":\"Padel FAQ\"}]},{\"@type\":\"WebSite\",\"@id\":\"https:\\\/\\\/tsvschott.de\\\/tennis\\\/#website\",\"url\":\"https:\\\/\\\/tsvschott.de\\\/tennis\\\/\",\"name\":\"Tennis\",\"description\":\"TSV SCHOTT Mainz\",\"potentialAction\":[{\"@type\":\"SearchAction\",\"target\":{\"@type\":\"EntryPoint\",\"urlTemplate\":\"https:\\\/\\\/tsvschott.de\\\/tennis\\\/?s={search_term_string}\"},\"query-input\":{\"@type\":\"PropertyValueSpecification\",\"valueRequired\":true,\"valueName\":\"search_term_string\"}}],\"inLanguage\":\"de\"}]}<\/script>\n<!-- \/ Yoast SEO plugin. -->","yoast_head_json":{"title":"Padel FAQ - Tennis","robots":{"index":"index","follow":"follow","max-snippet":"max-snippet:-1","max-image-preview":"max-image-preview:large","max-video-preview":"max-video-preview:-1"},"canonical":"https:\/\/tsvschott.de\/tennis\/padelfaq\/","og_locale":"de_DE","og_type":"article","og_title":"Padel FAQ - Tennis","og_description":"[vc_row][vc_column][vc_tta_accordion title_tag=&#8220;h4&#8243; section_title_tag=&#8220;h5&#8243; shape=&#8220;square&#8220; color=&#8220;sky&#8220; gap=&#8220;1&#8243; c_icon=&#8220;chevron&#8220; active_section=&#8220;0&#8243; no_fill=&#8220;true&#8220; collapsible_all=&#8220;true&#8220; title=&#8220;Fragen zur Buchung &amp; Bezahlung&#8220;][vc_tta_section title=&#8220;Wer kann einen Padelplatz buchen?&#8220; tab_id=&#8220;1677864613513-e7fc73f4-2cbb&#8220;][vc_column_text css=&#8220;&#8220;] JEDER! Unsere Padelpl\u00e4tze k\u00f6nnen auch von Nichtmitgliedern\u00a0gebucht werden. Es ist lediglich eine Registrierung im Buchungssystem erforderlich. Eine Buchung ist zur vollen oder halben Stunde und f\u00fcr 60 bis 120 Minuten m\u00f6glich. [\/vc_column_text][\/vc_tta_section][vc_tta_section title=&#8220;Wie [&hellip;]","og_url":"https:\/\/tsvschott.de\/tennis\/padelfaq\/","og_site_name":"Tennis","article_modified_time":"2025-10-25T13:15:57+00:00","twitter_card":"summary_large_image","twitter_misc":{"Gesch\u00e4tzte Lesezeit":"4\u00a0Minuten"},"schema":{"@context":"https:\/\/schema.org","@graph":[{"@type":"WebPage","@id":"https:\/\/tsvschott.de\/tennis\/padelfaq\/","url":"https:\/\/tsvschott.de\/tennis\/padelfaq\/","name":"Padel FAQ - Tennis","isPartOf":{"@id":"https:\/\/tsvschott.de\/tennis\/#website"},"datePublished":"2023-03-21T18:48:56+00:00","dateModified":"2025-10-25T13:15:57+00:00","breadcrumb":{"@id":"https:\/\/tsvschott.de\/tennis\/padelfaq\/#breadcrumb"},"inLanguage":"de","potentialAction":[{"@type":"ReadAction","target":["https:\/\/tsvschott.de\/tennis\/padelfaq\/"]}]},{"@type":"BreadcrumbList","@id":"https:\/\/tsvschott.de\/tennis\/padelfaq\/#breadcrumb","itemListElement":[{"@type":"ListItem","position":1,"name":"Startseite","item":"https:\/\/tsvschott.de\/tennis\/"},{"@type":"ListItem","position":2,"name":"Padel FAQ"}]},{"@type":"WebSite","@id":"https:\/\/tsvschott.de\/tennis\/#website","url":"https:\/\/tsvschott.de\/tennis\/","name":"Tennis","description":"TSV SCHOTT Mainz","potentialAction":[{"@type":"SearchAction","target":{"@type":"EntryPoint","urlTemplate":"https:\/\/tsvschott.de\/tennis\/?s={search_term_string}"},"query-input":{"@type":"PropertyValueSpecification","valueRequired":true,"valueName":"search_term_string"}}],"inLanguage":"de"}]}},"_links":{"self":[{"href":"https:\/\/tsvschott.de\/tennis\/wp-json\/wp\/v2\/pages\/5405","targetHints":{"allow":["GET"]}}],"collection":[{"href":"https:\/\/tsvschott.de\/tennis\/wp-json\/wp\/v2\/pages"}],"about":[{"href":"https:\/\/tsvschott.de\/tennis\/wp-json\/wp\/v2\/types\/page"}],"author":[{"embeddable":true,"href":"https:\/\/tsvschott.de\/tennis\/wp-json\/wp\/v2\/users\/18"}],"replies":[{"embeddable":true,"href":"https:\/\/tsvschott.de\/tennis\/wp-json\/wp\/v2\/comments?post=5405"}],"version-history":[{"count":16,"href":"https:\/\/tsvschott.de\/tennis\/wp-json\/wp\/v2\/pages\/5405\/revisions"}],"predecessor-version":[{"id":6032,"href":"https:\/\/tsvschott.de\/tennis\/wp-json\/wp\/v2\/pages\/5405\/revisions\/6032"}],"wp:attachment":[{"href":"https:\/\/tsvschott.de\/tennis\/wp-json\/wp\/v2\/media?parent=5405"}],"curies":[{"name":"wp","href":"https:\/\/api.w.org\/{rel}","templated":true}]}}