{"id":6076,"date":"2026-02-23T11:25:27","date_gmt":"2026-02-23T10:25:27","guid":{"rendered":"https:\/\/tsvschott.de\/tennis\/?page_id=6076"},"modified":"2026-02-23T11:25:27","modified_gmt":"2026-02-23T10:25:27","slug":"padel-kursetrainings","status":"publish","type":"page","link":"https:\/\/tsvschott.de\/tennis\/padel-kursetrainings\/","title":{"rendered":"Kurse &#038; Trainings"},"content":{"rendered":"<div class=\"wpb-content-wrapper\"><p>[vc_row][vc_column][vc_column_text css=&#8220;&#8220;]<\/p>\n<p style=\"font-weight: 400;\">Wir bieten ein strukturiertes Kurs- und Trainingsprogramm f\u00fcr alle Leistungsstufen.<\/p>\n<p>[\/vc_column_text][vc_column_text css=&#8220;&#8220;]<\/p>\n<p style=\"font-weight: 400;\">Alle Kurse werden von qualifizierten Trainern durchgef\u00fchrt und regelm\u00e4\u00dfig weiterentwickelt.<\/p>\n<p style=\"font-weight: 400;\">Individuelle Trainingszeiten berechnen wir mit 65\u20ac \/ Stunde f\u00fcr maximal 4 Teilnehmer, inkl. Platzgeb\u00fchr und Schl\u00e4gerleihe.<\/p>\n<p>[\/vc_column_text][vc_text_separator title=&#8220;Kursformate&#8220; title_align=&#8220;separator_align_left&#8220; css=&#8220;&#8220;][\/vc_column][\/vc_row][vc_row][vc_column width=&#8220;1\/3&#8243;][vc_column_text css=&#8220;&#8220;]<\/p>\n<p style=\"text-align: left;\"><strong>Einsteigerkurse:<\/strong><\/p>\n<p>[\/vc_column_text][\/vc_column][vc_column width=&#8220;2\/3&#8243;][vc_btn title=&#8220;L0-Kurse&#8220; style=&#8220;gradient-custom&#8220; gradient_custom_color_1=&#8220;#4f94e2&#8243; gradient_custom_color_2=&#8220;#154e99&#8243; align=&#8220;center&#8220; css=&#8220;&#8220; button_block=&#8220;true&#8220; link=&#8220;url:https%3A%2F%2Ftsvschott-tennis.ebusy.de%2Fkurse%3FcourseView%3Dcourse_groups_list%26currentCoursePlan%3D600&#8243;][\/vc_column][\/vc_row][vc_row][vc_column width=&#8220;1\/3&#8243;][vc_column_text css=&#8220;&#8220;]<\/p>\n<p style=\"text-align: left;\"><strong>Aufbaukurse:<\/strong><\/p>\n<p>[\/vc_column_text][\/vc_column][vc_column width=&#8220;2\/3&#8243;][vc_btn title=&#8220;L1-Kurse&#8220; style=&#8220;gradient-custom&#8220; gradient_custom_color_1=&#8220;#4f94e2&#8243; gradient_custom_color_2=&#8220;#154e99&#8243; align=&#8220;center&#8220; css=&#8220;&#8220; button_block=&#8220;true&#8220; link=&#8220;url:https%3A%2F%2Ftsvschott-tennis.ebusy.de%2Fkurse%3FcourseView%3Dcourse_groups_list%26currentCoursePlan%3D593&#8243;][vc_btn title=&#8220;L2-Kurse&#8220; style=&#8220;gradient-custom&#8220; gradient_custom_color_1=&#8220;#4f94e2&#8243; gradient_custom_color_2=&#8220;#154e99&#8243; align=&#8220;center&#8220; css=&#8220;&#8220; button_block=&#8220;true&#8220; link=&#8220;url:https%3A%2F%2Ftsvschott-tennis.ebusy.de%2Fkurse%3FcourseView%3Dcourse_groups_list%26currentCoursePlan%3D599&#8243;][\/vc_column][\/vc_row][vc_row][vc_column width=&#8220;1\/3&#8243;][vc_column_text css=&#8220;&#8220;]<\/p>\n<p style=\"text-align: left;\"><strong>Individual- und Kleingruppentraining (L4)<\/strong>:<\/p>\n<p>[\/vc_column_text][\/vc_column][vc_column width=&#8220;2\/3&#8243;][vc_column_text css=&#8220;&#8220;]<\/p>\n<p style=\"text-align: left;\">Anfragen bitte an padel@tsvschott.de<\/p>\n<p>[\/vc_column_text][\/vc_column][\/vc_row][vc_row][vc_column width=&#8220;1\/3&#8243;][vc_column_text css=&#8220;&#8220;]<\/p>\n<p style=\"text-align: left;\"><strong>Themenschwerpunkte<\/strong>:<\/p>\n<p>[\/vc_column_text][\/vc_column][vc_column width=&#8220;2\/3&#8243;][vc_column_text css=&#8220;&#8220;]<\/p>\n<p style=\"text-align: left;\">(z. B. Netzspiel, Taktik, Matchpraxis) \u2013 siehe L1, L2 oder Trainingswunsch individuell anfragen<\/p>\n<p>[\/vc_column_text][\/vc_column][\/vc_row]<\/p>\n<\/div>","protected":false},"excerpt":{"rendered":"<p>[vc_row][vc_column][vc_column_text css=&#8220;&#8220;] Wir bieten ein strukturiertes Kurs- und Trainingsprogramm f\u00fcr alle Leistungsstufen. [\/vc_column_text][vc_column_text css=&#8220;&#8220;] Alle Kurse werden von qualifizierten Trainern durchgef\u00fchrt und regelm\u00e4\u00dfig weiterentwickelt. Individuelle Trainingszeiten berechnen wir mit 65\u20ac \/ Stunde f\u00fcr maximal 4 Teilnehmer, inkl. Platzgeb\u00fchr und Schl\u00e4gerleihe. [\/vc_column_text][vc_text_separator title=&#8220;Kursformate&#8220; title_align=&#8220;separator_align_left&#8220; css=&#8220;&#8220;][\/vc_column][\/vc_row][vc_row][vc_column width=&#8220;1\/3&#8243;][vc_column_text css=&#8220;&#8220;] Einsteigerkurse: [\/vc_column_text][\/vc_column][vc_column width=&#8220;2\/3&#8243;][vc_btn title=&#8220;L0-Kurse&#8220; style=&#8220;gradient-custom&#8220; gradient_custom_color_1=&#8220;#4f94e2&#8243; gradient_custom_color_2=&#8220;#154e99&#8243; align=&#8220;center&#8220; css=&#8220;&#8220; [&hellip;]<\/p>\n","protected":false},"author":18,"featured_media":0,"parent":0,"menu_order":6,"comment_status":"closed","ping_status":"closed","template":"","meta":{"footnotes":""},"class_list":["post-6076","page","type-page","status-publish","hentry"],"yoast_head":"<!-- This site is optimized with the Yoast SEO plugin v27.3 - https:\/\/yoast.com\/product\/yoast-seo-wordpress\/ -->\n<title>Kurse &#038; Trainings - Tennis<\/title>\n<meta name=\"robots\" content=\"index, follow, max-snippet:-1, max-image-preview:large, max-video-preview:-1\" \/>\n<link rel=\"canonical\" href=\"https:\/\/tsvschott.de\/tennis\/padel-kursetrainings\/\" \/>\n<meta property=\"og:locale\" content=\"de_DE\" \/>\n<meta property=\"og:type\" content=\"article\" \/>\n<meta property=\"og:title\" content=\"Kurse &#038; Trainings - Tennis\" \/>\n<meta property=\"og:description\" content=\"[vc_row][vc_column][vc_column_text css=&#8220;&#8220;] Wir bieten ein strukturiertes Kurs- und Trainingsprogramm f\u00fcr alle Leistungsstufen. [\/vc_column_text][vc_column_text css=&#8220;&#8220;] Alle Kurse werden von qualifizierten Trainern durchgef\u00fchrt und regelm\u00e4\u00dfig weiterentwickelt. Individuelle Trainingszeiten berechnen wir mit 65\u20ac \/ Stunde f\u00fcr maximal 4 Teilnehmer, inkl. Platzgeb\u00fchr und Schl\u00e4gerleihe. [\/vc_column_text][vc_text_separator title=&#8220;Kursformate&#8220; title_align=&#8220;separator_align_left&#8220; css=&#8220;&#8220;][\/vc_column][\/vc_row][vc_row][vc_column width=&#8220;1\/3&#8243;][vc_column_text css=&#8220;&#8220;] Einsteigerkurse: [\/vc_column_text][\/vc_column][vc_column width=&#8220;2\/3&#8243;][vc_btn title=&#8220;L0-Kurse&#8220; style=&#8220;gradient-custom&#8220; gradient_custom_color_1=&#8220;#4f94e2&#8243; gradient_custom_color_2=&#8220;#154e99&#8243; align=&#8220;center&#8220; css=&#8220;&#8220; [&hellip;]\" \/>\n<meta property=\"og:url\" content=\"https:\/\/tsvschott.de\/tennis\/padel-kursetrainings\/\" \/>\n<meta property=\"og:site_name\" content=\"Tennis\" \/>\n<meta name=\"twitter:card\" content=\"summary_large_image\" \/>\n<meta name=\"twitter:label1\" content=\"Gesch\u00e4tzte Lesezeit\" \/>\n\t<meta name=\"twitter:data1\" content=\"1\u00a0Minute\" \/>\n<script type=\"application\/ld+json\" class=\"yoast-schema-graph\">{\"@context\":\"https:\\\/\\\/schema.org\",\"@graph\":[{\"@type\":\"WebPage\",\"@id\":\"https:\\\/\\\/tsvschott.de\\\/tennis\\\/padel-kursetrainings\\\/\",\"url\":\"https:\\\/\\\/tsvschott.de\\\/tennis\\\/padel-kursetrainings\\\/\",\"name\":\"Kurse &#038; Trainings - Tennis\",\"isPartOf\":{\"@id\":\"https:\\\/\\\/tsvschott.de\\\/tennis\\\/#website\"},\"datePublished\":\"2026-02-23T10:25:27+00:00\",\"breadcrumb\":{\"@id\":\"https:\\\/\\\/tsvschott.de\\\/tennis\\\/padel-kursetrainings\\\/#breadcrumb\"},\"inLanguage\":\"de\",\"potentialAction\":[{\"@type\":\"ReadAction\",\"target\":[\"https:\\\/\\\/tsvschott.de\\\/tennis\\\/padel-kursetrainings\\\/\"]}]},{\"@type\":\"BreadcrumbList\",\"@id\":\"https:\\\/\\\/tsvschott.de\\\/tennis\\\/padel-kursetrainings\\\/#breadcrumb\",\"itemListElement\":[{\"@type\":\"ListItem\",\"position\":1,\"name\":\"Startseite\",\"item\":\"https:\\\/\\\/tsvschott.de\\\/tennis\\\/\"},{\"@type\":\"ListItem\",\"position\":2,\"name\":\"Kurse &#038; Trainings\"}]},{\"@type\":\"WebSite\",\"@id\":\"https:\\\/\\\/tsvschott.de\\\/tennis\\\/#website\",\"url\":\"https:\\\/\\\/tsvschott.de\\\/tennis\\\/\",\"name\":\"Tennis\",\"description\":\"TSV SCHOTT Mainz\",\"potentialAction\":[{\"@type\":\"SearchAction\",\"target\":{\"@type\":\"EntryPoint\",\"urlTemplate\":\"https:\\\/\\\/tsvschott.de\\\/tennis\\\/?s={search_term_string}\"},\"query-input\":{\"@type\":\"PropertyValueSpecification\",\"valueRequired\":true,\"valueName\":\"search_term_string\"}}],\"inLanguage\":\"de\"}]}<\/script>\n<!-- \/ Yoast SEO plugin. -->","yoast_head_json":{"title":"Kurse &#038; Trainings - Tennis","robots":{"index":"index","follow":"follow","max-snippet":"max-snippet:-1","max-image-preview":"max-image-preview:large","max-video-preview":"max-video-preview:-1"},"canonical":"https:\/\/tsvschott.de\/tennis\/padel-kursetrainings\/","og_locale":"de_DE","og_type":"article","og_title":"Kurse &#038; Trainings - Tennis","og_description":"[vc_row][vc_column][vc_column_text css=&#8220;&#8220;] Wir bieten ein strukturiertes Kurs- und Trainingsprogramm f\u00fcr alle Leistungsstufen. [\/vc_column_text][vc_column_text css=&#8220;&#8220;] Alle Kurse werden von qualifizierten Trainern durchgef\u00fchrt und regelm\u00e4\u00dfig weiterentwickelt. Individuelle Trainingszeiten berechnen wir mit 65\u20ac \/ Stunde f\u00fcr maximal 4 Teilnehmer, inkl. Platzgeb\u00fchr und Schl\u00e4gerleihe. [\/vc_column_text][vc_text_separator title=&#8220;Kursformate&#8220; title_align=&#8220;separator_align_left&#8220; css=&#8220;&#8220;][\/vc_column][\/vc_row][vc_row][vc_column width=&#8220;1\/3&#8243;][vc_column_text css=&#8220;&#8220;] Einsteigerkurse: [\/vc_column_text][\/vc_column][vc_column width=&#8220;2\/3&#8243;][vc_btn title=&#8220;L0-Kurse&#8220; style=&#8220;gradient-custom&#8220; gradient_custom_color_1=&#8220;#4f94e2&#8243; gradient_custom_color_2=&#8220;#154e99&#8243; align=&#8220;center&#8220; css=&#8220;&#8220; [&hellip;]","og_url":"https:\/\/tsvschott.de\/tennis\/padel-kursetrainings\/","og_site_name":"Tennis","twitter_card":"summary_large_image","twitter_misc":{"Gesch\u00e4tzte Lesezeit":"1\u00a0Minute"},"schema":{"@context":"https:\/\/schema.org","@graph":[{"@type":"WebPage","@id":"https:\/\/tsvschott.de\/tennis\/padel-kursetrainings\/","url":"https:\/\/tsvschott.de\/tennis\/padel-kursetrainings\/","name":"Kurse &#038; Trainings - Tennis","isPartOf":{"@id":"https:\/\/tsvschott.de\/tennis\/#website"},"datePublished":"2026-02-23T10:25:27+00:00","breadcrumb":{"@id":"https:\/\/tsvschott.de\/tennis\/padel-kursetrainings\/#breadcrumb"},"inLanguage":"de","potentialAction":[{"@type":"ReadAction","target":["https:\/\/tsvschott.de\/tennis\/padel-kursetrainings\/"]}]},{"@type":"BreadcrumbList","@id":"https:\/\/tsvschott.de\/tennis\/padel-kursetrainings\/#breadcrumb","itemListElement":[{"@type":"ListItem","position":1,"name":"Startseite","item":"https:\/\/tsvschott.de\/tennis\/"},{"@type":"ListItem","position":2,"name":"Kurse &#038; Trainings"}]},{"@type":"WebSite","@id":"https:\/\/tsvschott.de\/tennis\/#website","url":"https:\/\/tsvschott.de\/tennis\/","name":"Tennis","description":"TSV SCHOTT Mainz","potentialAction":[{"@type":"SearchAction","target":{"@type":"EntryPoint","urlTemplate":"https:\/\/tsvschott.de\/tennis\/?s={search_term_string}"},"query-input":{"@type":"PropertyValueSpecification","valueRequired":true,"valueName":"search_term_string"}}],"inLanguage":"de"}]}},"_links":{"self":[{"href":"https:\/\/tsvschott.de\/tennis\/wp-json\/wp\/v2\/pages\/6076","targetHints":{"allow":["GET"]}}],"collection":[{"href":"https:\/\/tsvschott.de\/tennis\/wp-json\/wp\/v2\/pages"}],"about":[{"href":"https:\/\/tsvschott.de\/tennis\/wp-json\/wp\/v2\/types\/page"}],"author":[{"embeddable":true,"href":"https:\/\/tsvschott.de\/tennis\/wp-json\/wp\/v2\/users\/18"}],"replies":[{"embeddable":true,"href":"https:\/\/tsvschott.de\/tennis\/wp-json\/wp\/v2\/comments?post=6076"}],"version-history":[{"count":26,"href":"https:\/\/tsvschott.de\/tennis\/wp-json\/wp\/v2\/pages\/6076\/revisions"}],"predecessor-version":[{"id":6117,"href":"https:\/\/tsvschott.de\/tennis\/wp-json\/wp\/v2\/pages\/6076\/revisions\/6117"}],"wp:attachment":[{"href":"https:\/\/tsvschott.de\/tennis\/wp-json\/wp\/v2\/media?parent=6076"}],"curies":[{"name":"wp","href":"https:\/\/api.w.org\/{rel}","templated":true}]}}