{"id":2976,"date":"2015-12-07T17:42:04","date_gmt":"2015-12-07T16:42:04","guid":{"rendered":"http:\/\/tsvschott.de\/turnen-fitness\/?page_id=2976"},"modified":"2025-12-08T21:44:14","modified_gmt":"2025-12-08T20:44:14","slug":"trainingszeiten","status":"publish","type":"page","link":"https:\/\/tsvschott.de\/turnen-fitness\/turnen\/trainingszeiten\/","title":{"rendered":"Trainingszeiten"},"content":{"rendered":"<div class=\"wpb-content-wrapper\"><p>[vc_row][vc_column][vc_column_text css=&#8220;.vc_custom_1642957720186{margin-bottom: 0px !important;border-bottom-width: 0px !important;padding-bottom: 0px !important;}&#8220;]<\/p>\n<h2>Allgemeines Turnen &#8211; M\u00e4dchen<\/h2>\n<p>[\/vc_column_text][vc_tabs][vc_tab title=&#8220;Trainingszeiten&#8220; tab_id=&#8220;1435157830188-0-9f042-5918&#8243;][vc_gallery type=&#8220;image_grid&#8220; images=&#8220;3629,3628&#8243; img_size=&#8220;300&#215;200&#8243;][vc_column_text css=&#8220;&#8220;]<b>Allgemeines Turnen f\u00fcr M\u00e4dchen, Standort: MZ-Neustadt (Goetheschule)<\/b><\/p>\n<p>Do, 16.30 \u2013 18.00 Uhr | <strong>Gruppe MINI Neustadt (Jg. 2019-2018) <\/strong>| Sophia &amp; Stefanie<br \/>\nDo, 17.30 \u2013 19.00 Uhr | <strong>Gruppe MIDI Neustadt (Jg. 2018-2016) <\/strong>| Stefanie &amp; Franziska<br \/>\nDo, 17.30 \u2013 19.00 Uhr |\u00a0<strong>Gruppe MAXI Neustadt (Jg. 2016-2015)<\/strong> | Michelle<\/p>\n<hr \/>\n<p><b>Allgemeines Turnen f\u00fcr M\u00e4dchen, Standort: MZ-Gonsenheim (TSV-Halle bzw. Otto-Schott-Gymnasium)<\/b><\/p>\n<p>Do, 16.15 \u2013 17.15 Uhr |<strong> Gruppe PURZEL Gonsenheim (Jg. 2021-2019)<\/strong> | Amelie &amp; Reese<br \/>\nMi, 16.30 \u2013 18.00 Uhr | <strong>Gruppe MINI Gonsenheim (Jg. 2019-2018)<\/strong> | Sophia &amp; Stefanie<br \/>\nMi, 17.30 \u2013 19.00 Uhr | <strong>Gruppe MIDI Gonsenheim I (Jg. 2018-2016)<\/strong> | Sophia &amp; Stefanie<br \/>\nFr, 17.00 \u2013 18.30 Uhr | <strong>Gruppe <\/strong><strong>MIDI Gonsenheim II (<\/strong><b>Jg. 2018-2016)<\/b>\u00a0 | Susanna<br \/>\nFr, 17.00 \u2013 18.30 Uhr | <strong>Gruppe <\/strong><strong>MAXI Gonsenheim (<\/strong><b>Jg. 2016-2015)<\/b>\u00a0 | Jana<br \/>\nFr, 18.00 \u2013 19.30 Uhr | <strong>Gruppe <\/strong><strong>MAXI PLUS (Jg. 2014)<\/strong> | Jana &amp; Susanna<br \/>\nFr, 18.00 \u2013 19.30 Uhr | <strong>Gruppe <\/strong><strong>JUNIOR (Jg. 2013 und \u00e4lter)<\/strong> | Michelle<\/p>\n<hr \/>\n<p><strong><span style=\"color: #ff0000\">Achtung: F\u00fcr alle allgemeinen Turngruppen gilt Aufnahmestopp. Wir f\u00fchren Wartelisten. Bei Interesse verwenden Sie bitte unser Kontaktformular <a href=\"https:\/\/tsvschott.de\/turnen-fitness\/turnen\/infos\/\"><span style=\"text-decoration: underline\">hier<\/span><\/a>. F\u00fcrs allgemeine Turnen werden nur Kinder der Jahrg\u00e4nge 2018 und j\u00fcnger neu auf die Warteliste aufgenommen.<br \/>\n<\/span><\/strong>[\/vc_column_text][\/vc_tab][vc_tab title=&#8220;Kursbeschreibungen&#8220; tab_id=&#8220;1455113453908-2-10&#8243;][vc_column_text css=&#8220;&#8220;]<\/p>\n<hr \/>\n<p><strong>Allgemeines Turnen &#8222;Purzel&#8220;<\/strong><\/p>\n<p>Die Gruppe \u201ePurzel\u201c bietet Kindern ab ca. 4 Jahren den Einstieg ins ger\u00e4tebasierte Turnen und bereitet sie auf die Gruppe \u201eMini\u201c vor. Die Kinder erlernen hier die Basiselemente der Sportart wie z.B. Rolle vorw\u00e4rts, Sprung auf den Kasten und Aufzug am Reck.<\/p>\n<p>AUFNAHMESTOPP! Es wird eine Warteliste gef\u00fchrt. Bei Interesse verwenden Sie bitte unser Kontaktformular <a href=\"https:\/\/tsvschott.de\/turnen-fitness\/turnen\/infos\/\">hier<\/a>.<\/p>\n<hr \/>\n<p><strong>Allgemeines Turnen &#8222;Mini&#8220;<\/strong><\/p>\n<p>In den \u201eMini\u201c-Gruppen werden die Grundlagen des ger\u00e4tebasierten Turnens vermittelt und vertieft. Auf dem Trainingsplan stehen dabei u.a. Rolle vorw\u00e4rts und r\u00fcckw\u00e4rts, Handstand und Rad am Boden, Sprung auf den Kasten, Aufzug und Abzug am Reck sowie Standwaage auf dem Balken.<\/p>\n<p>Die Kinder haben zudem die M\u00f6glichkeit, ihre ersten P-\u00dcbungen (Pflicht\u00fcbungen) bei 2-3 Wettk\u00e4mpfen im Jahr vorzuf\u00fchren, z.B. bei den Mini-Meisterschaften des Turngau Mainz. Erforderlich ist hierbei eine regelm\u00e4\u00dfige Teilnahme am Training.<\/p>\n<p>AUFNAHMESTOPP! Es werden Wartelisten gef\u00fchrt. Bei Interesse verwenden Sie bitte unser Kontaktformular <a href=\"https:\/\/tsvschott.de\/turnen-fitness\/turnen\/infos\/\">hier<\/a>.<\/p>\n<hr \/>\n<p><strong>Allgemeines Turnen &#8222;Midi&#8220;<\/strong><\/p>\n<p>In den \u201eMidi\u201c-Gruppen werden die bereits erlernten Grundfertigkeiten im ger\u00e4tebasierten Turnen weiter ausgebaut. So k\u00f6nnen die M\u00e4dchen je nach Leistungsstand schon Elemente und P-\u00dcbungen (Pflicht-\u00dcbungen) der n\u00e4chsten Schwierigkeitsstufen trainieren. Darunter fallen z.B. Handstand, Rad, Sprung \u00fcber den Bock oder auf den Mattenberg, Umschwung am Reck sowie Radwende am Boden oder als Abgang vom Balken. Doch auch Quereinsteigerinnen kommen nicht zu kurz und lernen hier die turnerischen Grundlagen kennen, u.a. Rolle vorw\u00e4rts und Sprung auf den Kasten.<\/p>\n<p>Auch f\u00fcr die \u201eMidis\u201c ist eine Teilnahme an 2-3 Wettk\u00e4mpfen im Jahr m\u00f6glich, z.B. beim Regional-Cup Einzel oder bei den Vereinsmeisterschaften. Erforderlich ist hierbei eine regelm\u00e4\u00dfige Teilnahme am Training.<\/p>\n<p>AUFNAHMESTOPP! Es werden teilweise Wartelisten gef\u00fchrt. Bei Interesse verwenden Sie bitte unser Kontaktformular <a href=\"https:\/\/tsvschott.de\/turnen-fitness\/turnen\/infos\/\">hier<\/a>.<\/p>\n<hr \/>\n<p><strong>Allgemeines Turnen &#8222;Maxi&#8220;<\/strong><\/p>\n<p>Die \u201eMaxi\u201c-Gruppe bietet den Turnerinnen die M\u00f6glichkeit, ihre F\u00e4higkeiten im ger\u00e4tebasierten Turnen zu verfeinern und zu erweitern. Abh\u00e4ngig vom individuellen Leistungsstand der M\u00e4dchen werden dabei z.B. Handst\u00e4nde und R\u00e4der perfektioniert oder im n\u00e4chsten Schritt neue Elemente vermittelt, z.B. Handstand\u00fcberschlag (am Boden oder als Abgang vom Balken), Handstand und Rad auf dem Balken und Felge vorlings vorw\u00e4rts am Reck.<\/p>\n<p>\u201eMaxis\u201c k\u00f6nnen an bis zu 2 Wettk\u00e4mpfen im Jahr teilnehmen (Regional-Cup Einzel und Vereinsmeisterschaften). Erforderlich ist hierbei eine regelm\u00e4\u00dfige Teilnahme am Training.<\/p>\n<p>Bei Interesse verwenden Sie bitte unser Kontaktformular <a href=\"https:\/\/tsvschott.de\/turnen-fitness\/turnen\/infos\/\">hier<\/a>.[\/vc_column_text][\/vc_tab][\/vc_tabs][vc_separator][vc_column_text css=&#8220;.vc_custom_1599315606333{margin-bottom: 0px !important;border-bottom-width: 0px !important;padding-bottom: 0px !important;}&#8220;]<\/p>\n<h2>Ger\u00e4tturnen &#8211; M\u00e4dchen (TSV-Halle)<\/h2>\n<p>[\/vc_column_text][vc_tabs][vc_tab title=&#8220;Trainingszeiten&#8220; tab_id=&#8220;1450022624157-0-8&#8243;][vc_gallery type=&#8220;image_grid&#8220; images=&#8220;3624,3631&#8243; img_size=&#8220;300&#215;200&#8243;][vc_column_text css=&#8220;&#8220;]<strong>Ger\u00e4tturngruppe 3 (Jg. 2016-2014) <\/strong>| Paulina &amp; Stefanie<br \/>\nMo, 17.00 \u2013 19.00 Uhr | Mi, 17.00 \u2013 19.00 Uhr<\/p>\n<p><strong>Ger\u00e4tturngruppe 2 (Jg. 2014-2012)<\/strong> | Tanja<br \/>\nMi, 17.00 \u2013 19.00 Uhr | Fr, 17.00 \u2013 20.00 Uhr<\/p>\n<p><strong>Ger\u00e4tturngruppe 1 (Jg. 2010 und \u00e4lter)<\/strong> | Christiane<br \/>\nMi, 17.00 \u2013 19.00 Uhr | Fr, 17.00 \u2013 20.00 Uhr[\/vc_column_text][\/vc_tab][vc_tab title=&#8220;Kursbeschreibungen&#8220; tab_id=&#8220;1455113750984-2-2&#8243;][vc_column_text]<\/p>\n<h3>Wettkampfturnen<\/h3>\n<p>Seit vielen Jahren existiert nun schon eine Leistungsriege im Turnen beim TSV SCHOTT. Viele Erfolge wurden und\u00a0werden erzielt, sei es bei den Minimeisterschaften (f\u00fcr die J\u00fcngsten), Gaumeisterschaften (f\u00fcr die K\u00f6nner) oder\u00a0Pokalwettk\u00e4mpfen in Deutschland (f\u00fcr die Reiselustigen).<\/p>\n<p>Aktuell trainieren um die 50 M\u00e4dchen im Alter von 4 bis 18 Jahren in der TSV SCHOTT-Halle. Geturnt wird am Boden (Akrobahn oder L\u00e4ufer), Schwebebalken, Stufenbarren oder Reck, und Sprung (Tisch).<\/p>\n<p>Eine Aufnahme in die Wettkampfgruppe erfolgt nur nach R\u00fccksprache mit den Trainern!\u00a0(Es besteht die M\u00f6glichkeit zum 3-maligen Schnuppertraining, danach erfolgt eine R\u00fccksprache mit den Eltern\u00a0bez\u00fcglich einer Aufnahme.)<\/p>\n<p><strong>Bitte beachten:<\/strong> Es wird ein kleiner Sonderbeitrag f\u00fcr die Wettkampfgruppe erhoben.<\/p>\n<hr \/>\n<h3>Wichtige Infos<\/h3>\n<p>Ein 3-maliges Schnuppertraining wird angeboten. <strong>\u00dcber eine Aufnahme entscheiden die Trainer.<\/strong> Neben dem TSV-Monatsbeitrag wird f\u00fcr die M\u00e4dchen der Wettkampf- und F\u00f6rdergruppen ein zus\u00e4tzlicher Sonderbeitrag erhoben.<\/p>\n<p><strong>Was wird erwartet?<\/strong><\/p>\n<p>Regelm\u00e4\u00dfige Teilnahme am Training (mind. 2-mal pro Woche), Teilnahme an Wettk\u00e4mpfen (meist 3 bis 4 Wettk\u00e4mpfe pro Jahr), Spa\u00df am Bewegen und manchmal auch Durchhalteverm\u00f6gen.<\/p>\n<p><strong>Was wird geboten?<\/strong><\/p>\n<p>Turnhalle mit guter Ger\u00e4teausstattung, qualifizierte Trainer, M\u00f6glichkeit bei Wettk\u00e4mpfen teilzunehmen, eine sch\u00f6ne Sportart auszu\u00fcben.<\/p>\n<p>Ein Probetraining ist jederzeit m\u00f6glich. Bitte vorher eine Mail an <a href=\"mailto:turnen@tsvschott.de\">turnen@tsvschott.de<\/a> senden!<\/p>\n<p>Gerne d\u00fcrfen sich auch die Eltern als Helfer einbringen, sei es als Kampfrichter oder Helfer bei Wettk\u00e4mpfen.[\/vc_column_text][\/vc_tab][\/vc_tabs][vc_separator][vc_column_text css=&#8220;.vc_custom_1599315625396{margin-bottom: 0px !important;border-bottom-width: 0px !important;padding-bottom: 0px !important;}&#8220;]<\/p>\n<h2>Leistungsturnen &#8211; M\u00e4dchen (TSV-Halle)<\/h2>\n<p>[\/vc_column_text][vc_tabs][vc_tab title=&#8220;Trainingszeiten&#8220; tab_id=&#8220;1599254931702-0-4&#8243;][vc_gallery type=&#8220;image_grid&#8220; images=&#8220;3630,4195&#8243; img_size=&#8220;300&#215;200&#8243;][vc_column_text css=&#8220;&#8220;]<b>F\u00f6rdergruppe (Jg. 2019-2018) <\/b>| Marla, Sarah &amp; Carina<br \/>\nDo, 16.00 \u2013 18.00 Uhr<br \/>\nFr, 14.00 \u2013 16.00 Uhr<br \/>\nSo, 11.00 \u2013 13.00 Uhr<\/p>\n<p><strong>Leistungsturngruppe 4 (Jg. 2017)<\/strong> | Franziska &amp; Majella<br \/>\nMi, 16.30 \u2013 19.00 Uhr<br \/>\nFr, 14.30 \u2013 17.00 Uhr<br \/>\nSo, 11.00 \u2013 13.00 Uhr<\/p>\n<p><strong>Leistungsturngruppe 3 (Jg. 2016-2015)<\/strong> | Sarah &amp; Marla<br \/>\nMi, 16.30 \u2013 19.00 Uhr<br \/>\nFr, 15.30 \u2013 17.30 Uhr<br \/>\nSo, 9.00 \u2013 11.45 Uhr<\/p>\n<p><strong>Leistungsturngruppe 2 (Jg. 2014-2013)<\/strong> | Franziska &amp; Sarah<br \/>\nMo, 17.00 \u2013 19.30 Uhr<br \/>\nFr, 16.30 \u2013 19.30 Uhr<br \/>\nSo, 10.45 \u2013 13.00 Uhr<\/p>\n<p><strong>Leistungsturngruppe 1 (Jg. 2012 und \u00e4lter) <\/strong>| Silja &amp; Anja<br \/>\nMo, 17.00 \u2013 19.30 Uhr<br \/>\nMi, 17.00 \u2013 19.00 Uhr<br \/>\nFr, 16.30 \u2013 19.30 Uhr<\/p>\n<p>[\/vc_column_text][\/vc_tab][vc_tab title=&#8220;Kursbeschreibungen&#8220; tab_id=&#8220;1599254931903-0-0&#8243;][vc_column_text]<\/p>\n<h3>Wettkampfturnen<\/h3>\n<p>Seit vielen Jahren existiert nun schon eine Leistungsriege im Turnen beim TSV SCHOTT. Viele Erfolge wurden und\u00a0werden erzielt, sei es bei den Minimeisterschaften (f\u00fcr die J\u00fcngsten), Gaumeisterschaften (f\u00fcr die K\u00f6nner) oder\u00a0Pokalwettk\u00e4mpfen in Deutschland (f\u00fcr die Reiselustigen).<\/p>\n<p>Aktuell trainieren um die 50 M\u00e4dchen im Alter von 4 bis 18 Jahren in der TSV SCHOTT-Halle. Geturnt wird am Boden (Akrobahn oder L\u00e4ufer), Schwebebalken, Stufenbarren oder Reck, und Sprung (Tisch).<\/p>\n<p>Eine Aufnahme in die Wettkampfgruppe erfolgt nur nach R\u00fccksprache mit den Trainern!\u00a0(Es besteht die M\u00f6glichkeit zum 3-maligen Schnuppertraining, danach erfolgt eine R\u00fccksprache mit den Eltern\u00a0bez\u00fcglich einer Aufnahme.)<\/p>\n<p><strong>Bitte beachten:<\/strong> Es wird ein kleiner Sonderbeitrag f\u00fcr die Wettkampfgruppe erhoben.<\/p>\n<hr \/>\n<h3>Wichtige Infos<\/h3>\n<p>Ein 3-maliges Schnuppertraining wird angeboten. <strong>\u00dcber eine Aufnahme entscheiden die Trainer.<\/strong> Neben dem TSV-Monatsbeitrag wird f\u00fcr die M\u00e4dchen der Wettkampf- und F\u00f6rdergruppen ein zus\u00e4tzlicher Sonderbeitrag erhoben.<\/p>\n<p><strong>Was wird erwartet?<\/strong><\/p>\n<p>Regelm\u00e4\u00dfige Teilnahme am Training (verpflichtend 3-mal pro Woche), Teilnahme an Wettk\u00e4mpfen (meist 3 bis 4 Wettk\u00e4mpfe pro Jahr), Spa\u00df am Bewegen und manchmal auch Durchhalteverm\u00f6gen.<\/p>\n<p><strong>Was wird geboten?<\/strong><\/p>\n<p>Turnhalle mit guter Ger\u00e4teausstattung, qualifizierte Trainer, M\u00f6glichkeit bei Wettk\u00e4mpfen teilzunehmen, eine sch\u00f6ne Sportart auszu\u00fcben.<\/p>\n<p>Ein Probetraining ist jederzeit m\u00f6glich. Bitte vorher eine Mail an <a href=\"mailto:turnen@tsvschott.de\">turnen@tsvschott.de<\/a>\u00a0senden!<\/p>\n<p>Gerne d\u00fcrfen sich auch die Eltern als Helfer einbringen, sei es als Kampfrichter oder Helfer bei Wettk\u00e4mpfen.[\/vc_column_text][\/vc_tab][\/vc_tabs][\/vc_column][\/vc_row]<\/p>\n<\/div>","protected":false},"excerpt":{"rendered":"<p>[vc_row][vc_column][vc_column_text css=&#8220;.vc_custom_1642957720186{margin-bottom: 0px !important;border-bottom-width: 0px !important;padding-bottom: 0px !important;}&#8220;] Allgemeines Turnen &#8211; M\u00e4dchen [\/vc_column_text][vc_tabs][vc_tab title=&#8220;Trainingszeiten&#8220; tab_id=&#8220;1435157830188-0-9f042-5918&#8243;][vc_gallery type=&#8220;image_grid&#8220; images=&#8220;3629,3628&#8243; img_size=&#8220;300&#215;200&#8243;][vc_column_text css=&#8220;&#8220;]Allgemeines Turnen f\u00fcr M\u00e4dchen, Standort: MZ-Neustadt (Goetheschule) Do, 16.30 \u2013 18.00 Uhr | Gruppe MINI Neustadt (Jg. 2019-2018) | Sophia &amp; Stefanie Do, 17.30 \u2013 19.00 Uhr | Gruppe MIDI Neustadt (Jg. 2018-2016) | Stefanie &amp; Franziska [&hellip;]<\/p>\n","protected":false},"author":35,"featured_media":0,"parent":3007,"menu_order":2,"comment_status":"closed","ping_status":"closed","template":"template-mit-sidebar.php","meta":{"footnotes":""},"class_list":["post-2976","page","type-page","status-publish","hentry"],"_links":{"self":[{"href":"https:\/\/tsvschott.de\/turnen-fitness\/wp-json\/wp\/v2\/pages\/2976","targetHints":{"allow":["GET"]}}],"collection":[{"href":"https:\/\/tsvschott.de\/turnen-fitness\/wp-json\/wp\/v2\/pages"}],"about":[{"href":"https:\/\/tsvschott.de\/turnen-fitness\/wp-json\/wp\/v2\/types\/page"}],"author":[{"embeddable":true,"href":"https:\/\/tsvschott.de\/turnen-fitness\/wp-json\/wp\/v2\/users\/35"}],"replies":[{"embeddable":true,"href":"https:\/\/tsvschott.de\/turnen-fitness\/wp-json\/wp\/v2\/comments?post=2976"}],"version-history":[{"count":151,"href":"https:\/\/tsvschott.de\/turnen-fitness\/wp-json\/wp\/v2\/pages\/2976\/revisions"}],"predecessor-version":[{"id":4731,"href":"https:\/\/tsvschott.de\/turnen-fitness\/wp-json\/wp\/v2\/pages\/2976\/revisions\/4731"}],"up":[{"embeddable":true,"href":"https:\/\/tsvschott.de\/turnen-fitness\/wp-json\/wp\/v2\/pages\/3007"}],"wp:attachment":[{"href":"https:\/\/tsvschott.de\/turnen-fitness\/wp-json\/wp\/v2\/media?parent=2976"}],"curies":[{"name":"wp","href":"https:\/\/api.w.org\/{rel}","templated":true}]}}