{"id":3177,"date":"2015-12-17T13:27:48","date_gmt":"2015-12-17T12:27:48","guid":{"rendered":"http:\/\/tsvschott.de\/volleyball\/?page_id=3177"},"modified":"2025-11-07T19:18:53","modified_gmt":"2025-11-07T18:18:53","slug":"training","status":"publish","type":"page","link":"https:\/\/tsvschott.de\/volleyball\/training\/","title":{"rendered":"Training"},"content":{"rendered":"<div class=\"wpb-content-wrapper\"><p>[vc_row el_class=&#8220;text&#8220;][vc_column width=&#8220;1\/2&#8243; el_class=&#8220;text&#8220;][vc_column_text]<\/p>\n<h3>Trainingszeiten<\/h3>\n<hr \/>\n<p>Falls du bei unserer Gruppe mittrainieren m\u00f6chtest, schreibe uns gerne eine E-Mail an <strong>volleyball@tsvschott.de<\/strong> mit einer kurzen Info \u00fcber dich und deiner Vorerfahrung mit Volleyball.<\/p>\n<p>Anschlie\u00dfend vereinbaren wir gerne ein Probetraining.[\/vc_column_text][\/vc_column][vc_column width=&#8220;1\/2&#8243;][vc_column_text css=&#8220;&#8220;]<\/p>\n<h3>Die Verantwortlichen unserer Abteilung<\/h3>\n<hr \/>\n<p><strong>Fachw\u00e4rtinnen Volleyball und Trainerinnen:<\/strong> Janina Franke &amp; Heike Ma\u00df<br \/>\nE-Mail: volleyball@tsvschott.de (alle Anfragen bitte per E-Mail)<\/p>\n<p>[\/vc_column_text][\/vc_column][\/vc_row]<\/p>\n<\/div>","protected":false},"excerpt":{"rendered":"<p>[vc_row el_class=&#8220;text&#8220;][vc_column width=&#8220;1\/2&#8243; el_class=&#8220;text&#8220;][vc_column_text] Trainingszeiten Falls du bei unserer Gruppe mittrainieren m\u00f6chtest, schreibe uns gerne eine E-Mail an volleyball@tsvschott.de mit einer kurzen Info \u00fcber dich und deiner Vorerfahrung mit Volleyball. Anschlie\u00dfend vereinbaren wir gerne ein Probetraining.[\/vc_column_text][\/vc_column][vc_column width=&#8220;1\/2&#8243;][vc_column_text css=&#8220;&#8220;] Die Verantwortlichen unserer Abteilung Fachw\u00e4rtinnen Volleyball und Trainerinnen: Janina Franke &amp; Heike Ma\u00df E-Mail: volleyball@tsvschott.de (alle Anfragen [&hellip;]<\/p>\n","protected":false},"author":27,"featured_media":0,"parent":0,"menu_order":3,"comment_status":"closed","ping_status":"closed","template":"","meta":{"footnotes":""},"class_list":["post-3177","page","type-page","status-publish","hentry"],"_links":{"self":[{"href":"https:\/\/tsvschott.de\/volleyball\/wp-json\/wp\/v2\/pages\/3177","targetHints":{"allow":["GET"]}}],"collection":[{"href":"https:\/\/tsvschott.de\/volleyball\/wp-json\/wp\/v2\/pages"}],"about":[{"href":"https:\/\/tsvschott.de\/volleyball\/wp-json\/wp\/v2\/types\/page"}],"author":[{"embeddable":true,"href":"https:\/\/tsvschott.de\/volleyball\/wp-json\/wp\/v2\/users\/27"}],"replies":[{"embeddable":true,"href":"https:\/\/tsvschott.de\/volleyball\/wp-json\/wp\/v2\/comments?post=3177"}],"version-history":[{"count":64,"href":"https:\/\/tsvschott.de\/volleyball\/wp-json\/wp\/v2\/pages\/3177\/revisions"}],"predecessor-version":[{"id":3793,"href":"https:\/\/tsvschott.de\/volleyball\/wp-json\/wp\/v2\/pages\/3177\/revisions\/3793"}],"wp:attachment":[{"href":"https:\/\/tsvschott.de\/volleyball\/wp-json\/wp\/v2\/media?parent=3177"}],"curies":[{"name":"wp","href":"https:\/\/api.w.org\/{rel}","templated":true}]}}